{"id":7741,"date":"2022-02-07T11:20:17","date_gmt":"2022-02-07T14:20:17","guid":{"rendered":"https:\/\/des-ers.infd.edu.ar\/sitio\/?page_id=7741"},"modified":"2022-11-25T09:25:38","modified_gmt":"2022-11-25T12:25:38","slug":"ano-2022","status":"publish","type":"page","link":"https:\/\/des-ers.infd.edu.ar\/sitio\/ano-2022\/","title":{"rendered":"A\u00f1o 2022"},"content":{"rendered":"\n<div class=\"wp-block-cover has-white-background-color\" style=\"min-height:77px\"><img decoding=\"async\" loading=\"lazy\" width=\"709\" height=\"685\" class=\"wp-block-cover__image-background wp-image-5502\" alt=\"\" src=\"https:\/\/des-ers.infd.edu.ar\/sitio\/wp-content\/uploads\/2018\/09\/DIRECCION-DE-EDUCACION-SUPERIOR_4.png\" style=\"object-position:46% 63%\" data-object-fit=\"cover\" data-object-position=\"46% 63%\"\/><div class=\"wp-block-cover__inner-container\">\n<p class=\"has-text-align-center has-black-color has-text-color has-large-font-size\">A\u00f1o 2022<\/p>\n<\/div><\/div>\n\n\n\n<hr class=\"wp-block-separator\"\/>\n\n\n\n<div class=\"wp-block-image is-style-default\"><figure class=\"aligncenter size-large is-resized\"><img decoding=\"async\" loading=\"lazy\" src=\"https:\/\/des-ers.infd.edu.ar\/sitio\/wp-content\/uploads\/2022\/02\/1-3.png\" alt=\"\" class=\"wp-image-7851\" width=\"775\" height=\"88\"\/><figcaption>Ciclo Lectivo <strong>A\u00f1o 2022<\/strong>| El Instituto Nacional de Formaci\u00f3n Docente, a trav\u00e9s de la L\u00ednea de Fortalecimiento de las Trayectorias Estudiantiles, busca fortalecer, consolidar, acompa\u00f1ar y\/o recuperar las trayectorias educativas a trav\u00e9s de propuestas y acciones integrales dise\u00f1adas por y para las y los estudiantes.<\/figcaption><\/figure><\/div>\n\n\n\n<p>Desde la DES informamos y dejamos a disposici\u00f3n la Resoluci\u00f3n N\u00b0 3944\/21 con su anexo y ap\u00e9ndice I y II; tambi\u00e9n el link de acceso al Formulario en l\u00ednea para acceder a los fondos correspondientes a la l\u00ednea de Fortalecimiento de las Trayectorias Estudiantiles en los ISFD.&nbsp; &nbsp; &nbsp; &nbsp; &nbsp; &nbsp;<\/p>\n\n\n\n<div class=\"wp-block-file\"><a href=\"https:\/\/des-ers.infd.edu.ar\/sitio\/wp-content\/uploads\/2022\/02\/Anexo-I_Res-3944_21-Trayectorias.pdf\" target=\"_blank\" rel=\"noreferrer noopener\">Anexo I &#8211; Resoluci\u00f3n 3944\/21 &#8211; Trayectorias<\/a><a href=\"https:\/\/des-ers.infd.edu.ar\/sitio\/wp-content\/uploads\/2022\/02\/Anexo-I_Res-3944_21-Trayectorias.pdf\" class=\"wp-block-file__button\" download>Descarga<\/a><\/div>\n\n\n\n<div class=\"wp-block-file\"><a href=\"https:\/\/des-ers.infd.edu.ar\/sitio\/wp-content\/uploads\/2022\/02\/APENDICE-I-Formulario_ANEXO-I-Res.-3944_21.pdf\" target=\"_blank\" rel=\"noreferrer noopener\">AP\u00c9NDICE I &#8211; Formulario &#8211; ANEXO I &#8211; Resoluci\u00f3n 3944\/21<\/a><a href=\"https:\/\/des-ers.infd.edu.ar\/sitio\/wp-content\/uploads\/2022\/02\/APENDICE-I-Formulario_ANEXO-I-Res.-3944_21.pdf\" class=\"wp-block-file__button\" download>Descarga<\/a><\/div>\n\n\n\n<div class=\"wp-block-file\"><a href=\"https:\/\/des-ers.infd.edu.ar\/sitio\/wp-content\/uploads\/2022\/02\/APENDICE-II-Planilla-pago-para-Hs-Institucionales_ANEXO-I-Res.-3944_21.pdf\" target=\"_blank\" rel=\"noreferrer noopener\">AP\u00c9NDICE II &#8211; Planilla pago para Hs Institucionales &#8211; ANEXO I &#8211; Resoluci\u00f3n 3944\/21<\/a><a href=\"https:\/\/des-ers.infd.edu.ar\/sitio\/wp-content\/uploads\/2022\/02\/APENDICE-II-Planilla-pago-para-Hs-Institucionales_ANEXO-I-Res.-3944_21.pdf\" class=\"wp-block-file__button\" download>Descarga<\/a><\/div>\n\n\n\n<div class=\"wp-block-file\"><a href=\"https:\/\/des-ers.infd.edu.ar\/sitio\/wp-content\/uploads\/2022\/03\/Linea-de-Financiamiento-para-el-Fortalecimiento-de-las-Trayectorias-Estudiantiles-en-las-Instituciones-de-Formacion-Docente-Ciclo-Lectivo-2022-.pdf\" target=\"_blank\" rel=\"noreferrer noopener\">L\u00ednea de Financiamiento para el Fortalecimiento de las Trayectorias Estudiantiles en las Instituciones de Formaci\u00f3n Docente -Ciclo Lectivo 2022-<\/a><a href=\"https:\/\/des-ers.infd.edu.ar\/sitio\/wp-content\/uploads\/2022\/03\/Linea-de-Financiamiento-para-el-Fortalecimiento-de-las-Trayectorias-Estudiantiles-en-las-Instituciones-de-Formacion-Docente-Ciclo-Lectivo-2022-.pdf\" class=\"wp-block-file__button\" download>Descarga<\/a><\/div>\n\n\n\n<hr class=\"wp-block-separator\"\/>\n\n\n\n<p><a rel=\"noreferrer noopener\" href=\"https:\/\/docs.google.com\/forms\/d\/e\/1FAIpQLSfID9I7gHKdh5ZobSgiPnB_8K_ul22woIXXByn0S6A_9y5fOA\/viewform\" target=\"_blank\">FORMULARIO EN L\u00cdNEA <\/a><\/p>\n\n\n\n<hr class=\"wp-block-separator is-style-default\"\/>\n\n\n\n<div class=\"wp-block-file\"><a href=\"https:\/\/des-ers.infd.edu.ar\/sitio\/wp-content\/uploads\/2022\/11\/Informe-conjunto-fortalecimiento-2-1.pdf\" target=\"_blank\" rel=\"noreferrer noopener\"><strong>Informe conjunto | Fortalecimiento<\/strong><\/a><a href=\"https:\/\/des-ers.infd.edu.ar\/sitio\/wp-content\/uploads\/2022\/11\/Informe-conjunto-fortalecimiento-2-1.pdf\" class=\"wp-block-file__button\" download>Descarga<\/a><\/div>\n","protected":false},"excerpt":{"rendered":"<p>Desde la DES informamos y dejamos a disposici\u00f3n la Resoluci\u00f3n N\u00b0 3944\/21 con su anexo y ap\u00e9ndice I y II; tambi\u00e9n el link de acceso al Formulario en l\u00ednea para acceder a los fondos correspondientes a la l\u00ednea de Fortalecimiento de las Trayectorias Estudiantiles en los ISFD.&nbsp; &nbsp; &nbsp; &nbsp; &nbsp; &nbsp; FORMULARIO EN L\u00cdNEA<\/p>\n","protected":false},"author":15210,"featured_media":7855,"parent":0,"menu_order":0,"comment_status":"closed","ping_status":"closed","template":"","meta":[],"acf":[],"_links":{"self":[{"href":"https:\/\/des-ers.infd.edu.ar\/sitio\/wp-json\/wp\/v2\/pages\/7741"}],"collection":[{"href":"https:\/\/des-ers.infd.edu.ar\/sitio\/wp-json\/wp\/v2\/pages"}],"about":[{"href":"https:\/\/des-ers.infd.edu.ar\/sitio\/wp-json\/wp\/v2\/types\/page"}],"author":[{"embeddable":true,"href":"https:\/\/des-ers.infd.edu.ar\/sitio\/wp-json\/wp\/v2\/users\/15210"}],"replies":[{"embeddable":true,"href":"https:\/\/des-ers.infd.edu.ar\/sitio\/wp-json\/wp\/v2\/comments?post=7741"}],"version-history":[{"count":22,"href":"https:\/\/des-ers.infd.edu.ar\/sitio\/wp-json\/wp\/v2\/pages\/7741\/revisions"}],"predecessor-version":[{"id":8534,"href":"https:\/\/des-ers.infd.edu.ar\/sitio\/wp-json\/wp\/v2\/pages\/7741\/revisions\/8534"}],"wp:featuredmedia":[{"embeddable":true,"href":"https:\/\/des-ers.infd.edu.ar\/sitio\/wp-json\/wp\/v2\/media\/7855"}],"wp:attachment":[{"href":"https:\/\/des-ers.infd.edu.ar\/sitio\/wp-json\/wp\/v2\/media?parent=7741"}],"curies":[{"name":"wp","href":"https:\/\/api.w.org\/{rel}","templated":true}]}}