{"id":5685,"date":"2020-05-23T12:57:10","date_gmt":"2020-05-23T15:57:10","guid":{"rendered":"https:\/\/des-ers.infd.edu.ar\/sitio\/?page_id=5685"},"modified":"2021-08-19T22:40:02","modified_gmt":"2021-08-20T01:40:02","slug":"ano-2020","status":"publish","type":"page","link":"https:\/\/des-ers.infd.edu.ar\/sitio\/ano-2020\/","title":{"rendered":"A\u00f1o 2020"},"content":{"rendered":"\n<div class=\"wp-block-cover has-vivid-cyan-blue-background-color has-background-dim\" style=\"min-height:71px\"><img decoding=\"async\" loading=\"lazy\" width=\"794\" height=\"1123\" class=\"wp-block-cover__image-background wp-image-5632\" alt=\"\" src=\"https:\/\/des-ers.infd.edu.ar\/sitio\/wp-content\/uploads\/2019\/02\/Cuadernillo-para-Ingresantes.jpg\" style=\"object-position:60% 32%\" data-object-fit=\"cover\" data-object-position=\"60% 32%\" srcset=\"https:\/\/des-ers.infd.edu.ar\/sitio\/wp-content\/uploads\/2019\/02\/Cuadernillo-para-Ingresantes.jpg 794w, https:\/\/des-ers.infd.edu.ar\/sitio\/wp-content\/uploads\/2019\/02\/Cuadernillo-para-Ingresantes-707x1000.jpg 707w, https:\/\/des-ers.infd.edu.ar\/sitio\/wp-content\/uploads\/2019\/02\/Cuadernillo-para-Ingresantes-768x1086.jpg 768w\" sizes=\"(max-width: 794px) 100vw, 794px\" \/><div class=\"wp-block-cover__inner-container\">\n<p class=\"has-text-align-center has-large-font-size\">A\u00f1o 2020<\/p>\n<\/div><\/div>\n\n\n<h2 class=\"titulo1\" style=\"text-align: center;\">\u00a0<\/h2>\n<table class=\" aligncenter\" style=\"width: 891px; height: 907px;\" border=\"0\" cellpadding=\"0\">\n<tbody>\n<tr>\n<td>\n<p><span style=\"font-size: 10pt; font-family: arial, helvetica, sans-serif;\" data-mce-mark=\"1\"><span style=\"color: #0000ff;\"><strong>RESOLUCI\u00d3N N\u00b0 600\/20 CGE:\u00a0<\/strong><span style=\"color: #000000;\">Asigna 684 horas Referente T\u00e9cnico Institucional &#8211; Direcci\u00f3n de Educaci\u00f3n Superior<\/span><\/span><\/span><\/p>\n<\/td>\n<td>\n<h6 style=\"text-align: justify;\"><span style=\"font-size: 10pt; font-family: arial, helvetica, sans-serif;\" data-mce-mark=\"1\"><img decoding=\"async\" style=\"display: block; margin-left: auto; margin-right: auto;\" title=\"Icono pdf\" src=\"https:\/\/des-ers.infd.edu.ar\/sitio\/wp-content\/uploads\/2018\/07\/icono_pdf.gif\" alt=\"Icono pdf\" border=\"0\" \/><\/span><\/h6>\n<h6><a href=\"https:\/\/des-ers.infd.edu.ar\/sitio\/wp-content\/uploads\/2020\/05\/0600-20-CGE-Asigna-684-horas-Referente-T\u00e9cnico-Institucional-Direcci\u00f3n-de-Educaci\u00f3n-Superior.pdf\">Descargar<\/a><\/h6>\n<\/td>\n<\/tr>\n<tr>\n<td>\n<h6><span style=\"font-size: 10pt; font-family: arial, helvetica, sans-serif;\" data-mce-mark=\"1\"><span style=\"color: #0000ff;\"><strong>RESOLUCI\u00d3N N\u00b0 824\/20 CGE:\u00a0<\/strong><span style=\"color: #000000;\">Dispone continuidad docentes de Nivel Superior designados por Art. 80\u00ba<\/span><\/span><\/span><\/h6>\n<\/td>\n<td style=\"text-align: center;\">\n<h6 style=\"text-align: justify;\"><span style=\"font-size: 10pt; font-family: arial, helvetica, sans-serif;\" data-mce-mark=\"1\"><img decoding=\"async\" style=\"display: block; margin-left: auto; margin-right: auto;\" title=\"Icono pdf\" src=\"https:\/\/des-ers.infd.edu.ar\/sitio\/wp-content\/uploads\/2018\/07\/icono_pdf.gif\" alt=\"Icono pdf\" border=\"0\" \/><\/span><\/h6>\n<h6><a href=\"https:\/\/des-ers.infd.edu.ar\/sitio\/wp-content\/uploads\/2020\/05\/0824-20-CGE-Dispone-continuidad-docentes-de-Nivel-Superior-designados-por-Art.-80\u00ba.pdf\">Descargar<\/a><\/h6>\n<\/td>\n<\/tr>\n<tr>\n<td>\n<h6><span style=\"font-size: 10pt; font-family: arial, helvetica, sans-serif;\" data-mce-mark=\"1\"><span style=\"color: #0000ff;\"><strong>RESOLUCI\u00d3N N\u00b0 898\/20 CGE:\u00a0<\/strong><\/span>Aprueba procedimiento para las designaciones personal docente en per\u00edodo de pandemia COVID-19.<\/span><\/h6>\n<\/td>\n<td style=\"text-align: center;\">\n<h6 style=\"text-align: justify;\"><span style=\"font-size: 10pt; font-family: arial, helvetica, sans-serif;\" data-mce-mark=\"1\"><img decoding=\"async\" style=\"display: block; margin-left: auto; margin-right: auto;\" title=\"Icono pdf\" src=\"https:\/\/des-ers.infd.edu.ar\/sitio\/wp-content\/uploads\/2018\/07\/icono_pdf.gif\" alt=\"Icono pdf\" border=\"0\" \/><\/span><\/h6>\n<h6><a href=\"https:\/\/des-ers.infd.edu.ar\/sitio\/wp-content\/uploads\/2020\/05\/0898-20-CGE-Aprueba-procedimiento-para-las-designaciones-personal-docente-en-per\u00edodo-de-pandemia-COVID-19.pdf\">Descargar<\/a><\/h6>\n<h6>\u00a0<\/h6>\n<\/td>\n<\/tr>\n<tr>\n<td>\n<h6><span style=\"font-size: 10pt; font-family: arial, helvetica, sans-serif;\" data-mce-mark=\"1\"><span style=\"color: #0000ff;\"><strong>RESOLUCI\u00d3N N\u00b0 954\/20 CGE:\u00a0<\/strong><span style=\"color: #000000;\">Suspensi\u00f3n de Mesas Evaluadoras y la emisi\u00f3n de Informes de Equivalencias Nivel Superior.<\/span><\/span><\/span><\/h6>\n<\/td>\n<td style=\"text-align: center;\">\n<h6 style=\"text-align: justify;\"><span style=\"font-size: 10pt; font-family: arial, helvetica, sans-serif;\" data-mce-mark=\"1\"><img decoding=\"async\" style=\"display: block; margin-left: auto; margin-right: auto;\" title=\"Icono pdf\" src=\"https:\/\/des-ers.infd.edu.ar\/sitio\/wp-content\/uploads\/2018\/07\/icono_pdf.gif\" alt=\"Icono pdf\" border=\"0\" \/><\/span><\/h6>\n<h6><a href=\"https:\/\/des-ers.infd.edu.ar\/sitio\/wp-content\/uploads\/2020\/05\/0954-20-CGE-Suspensi\u00f3n-de-Mesas-Evaluadoras-y-la-emisi\u00f3n-de-Informes-de-Equivalencias-Nivel-Superior.pdf\">Descargar<\/a><\/h6>\n<h6>\u00a0<\/h6>\n<\/td>\n<\/tr>\n<tr>\n<td>\n<h6><span style=\"font-size: 10pt; font-family: arial, helvetica, sans-serif;\" data-mce-mark=\"1\"><span style=\"color: #0000ff;\"><strong>RESOLUCI\u00d3N N\u00b0 987\/20 CGE:\u00a0<\/strong><span style=\"color: #000000;\">Procedimiento para las designaciones\u00a0<\/span><\/span><\/span><span style=\"font-size: 10pt; font-family: arial, helvetica, sans-serif; color: #000000;\" data-mce-mark=\"1\">personal docente en per\u00edodo de pandemia COVID-19.<\/span><\/h6>\n<\/td>\n<td style=\"text-align: center;\">\n<h6>\u00a0<\/h6>\n<h6 style=\"text-align: justify;\"><span style=\"font-size: 10pt; font-family: arial, helvetica, sans-serif;\" data-mce-mark=\"1\"><img decoding=\"async\" style=\"display: block; margin-left: auto; margin-right: auto;\" title=\"Icono pdf\" src=\"https:\/\/des-ers.infd.edu.ar\/sitio\/wp-content\/uploads\/2018\/07\/icono_pdf.gif\" alt=\"Icono pdf\" border=\"0\" \/><\/span><\/h6>\n<h6><a href=\"https:\/\/des-ers.infd.edu.ar\/sitio\/wp-content\/uploads\/2020\/05\/0987-20-CGE-Procedimiento-para-designaciones-en-cargos-de-supervisor-de-Nivel-Inicial-Primario-y-o-Secundario-y-sus-modalidades-pisada-1.pdf\">Descargar<\/a><\/h6>\n<h6>\u00a0<\/h6>\n<\/td>\n<\/tr>\n<tr>\n<td>\n<h6><span style=\"font-size: 10pt; font-family: arial, helvetica, sans-serif;\" data-mce-mark=\"1\"><span style=\"color: #0000ff;\"><strong>RESOLUCI\u00d3N N\u00b0 2000\/20 CGE:\u00a0<span style=\"color: #000000;\">Autoriza a los institutos de educaci\u00f3n superior a implementar mesas evaluadoras virtuales.<\/span><\/strong><\/span><\/span><\/h6>\n<\/td>\n<td style=\"text-align: center;\">\n<h6><span style=\"font-size: 10pt; font-family: arial, helvetica, sans-serif;\" data-mce-mark=\"1\"><img decoding=\"async\" style=\"display: block; margin-left: auto; margin-right: auto;\" title=\"Icono pdf\" src=\"https:\/\/des-ers.infd.edu.ar\/sitio\/wp-content\/uploads\/2018\/07\/icono_pdf.gif\" alt=\"Icono pdf\" border=\"0\" \/><\/span><\/h6>\n<h6><a href=\"https:\/\/des-ers.infd.edu.ar\/sitio\/wp-content\/uploads\/2020\/06\/2000-20-CGE-Mod-Art-1\u00ba-Res-N\u00ba-0954-20-CGE-Mesas-Evaluadoras-Virtuales-en-Educaci\u00f3n-Superior-1.pdf\">Descargar<\/a><\/h6>\n<\/td>\n<\/tr>\n<tr>\n<td>\u00a0<\/td>\n<\/tr>\n<\/tbody>\n<\/table>\n\n\n<div class=\"wp-block-file\"><a href=\"https:\/\/des-ers.infd.edu.ar\/sitio\/wp-content\/uploads\/2021\/08\/2345-20-CGE-Modifica-Res.-4120-13-CGE-y-deja-sin-efecto-Res.-5370-17-CGE-reconocimiento-modalidad-a-distancia-acciones-de-formacion-docente.pdf\">     <em><strong>Resoluci\u00f3n N\u00b0 2345-20 CGE <\/strong>Modifica Res. 4120-13 CGE y deja sin efecto Res. 5370-17 CGE<\/em><\/a><a href=\"https:\/\/des-ers.infd.edu.ar\/sitio\/wp-content\/uploads\/2021\/08\/2345-20-CGE-Modifica-Res.-4120-13-CGE-y-deja-sin-efecto-Res.-5370-17-CGE-reconocimiento-modalidad-a-distancia-acciones-de-formacion-docente.pdf\" class=\"wp-block-file__button\" download>Descarga<\/a><\/div>\n\n\n\n<div class=\"wp-block-file\"><a href=\"https:\/\/des-ers.infd.edu.ar\/sitio\/wp-content\/uploads\/2021\/08\/2575-20-CGE-Aprueba-Lineamientos-para-la-organizacion-evaluacion-y-acreditacion-en-el-Nivel-Superior-backup.pdf\" target=\"_blank\" rel=\"noreferrer noopener\">    <em><strong>Resoluci\u00f3n N\u00b0 2575-20 CGE<\/strong> Aprueba Lineamientos para la organizaci\u00f3n, evaluaci\u00f3n y acreditaci\u00f3n en Nivel Superior<\/em><\/a><a href=\"https:\/\/des-ers.infd.edu.ar\/sitio\/wp-content\/uploads\/2021\/08\/2575-20-CGE-Aprueba-Lineamientos-para-la-organizacion-evaluacion-y-acreditacion-en-el-Nivel-Superior-backup.pdf\" class=\"wp-block-file__button\" download>Descarga<\/a><\/div>\n\n\n\n\n\n<p>     <\/p>\n","protected":false},"excerpt":{"rendered":"<p>\u00a0 RESOLUCI\u00d3N N\u00b0 600\/20 CGE:\u00a0Asigna 684 horas Referente T\u00e9cnico Institucional &#8211; Direcci\u00f3n de Educaci\u00f3n Superior Descargar RESOLUCI\u00d3N N\u00b0 824\/20 CGE:\u00a0Dispone continuidad docentes de Nivel Superior designados por Art. 80\u00ba Descargar RESOLUCI\u00d3N N\u00b0 898\/20 CGE:\u00a0Aprueba procedimiento para las designaciones personal docente en per\u00edodo de pandemia COVID-19. Descargar \u00a0 RESOLUCI\u00d3N N\u00b0 954\/20 CGE:\u00a0Suspensi\u00f3n de Mesas Evaluadoras y &#8230; <a title=\"A\u00f1o 2020\" class=\"read-more\" href=\"https:\/\/des-ers.infd.edu.ar\/sitio\/ano-2020\/\" aria-label=\"More on A\u00f1o 2020\">[+]<\/a><\/p>\n","protected":false},"author":8056,"featured_media":0,"parent":0,"menu_order":0,"comment_status":"closed","ping_status":"closed","template":"","meta":[],"acf":[],"_links":{"self":[{"href":"https:\/\/des-ers.infd.edu.ar\/sitio\/wp-json\/wp\/v2\/pages\/5685"}],"collection":[{"href":"https:\/\/des-ers.infd.edu.ar\/sitio\/wp-json\/wp\/v2\/pages"}],"about":[{"href":"https:\/\/des-ers.infd.edu.ar\/sitio\/wp-json\/wp\/v2\/types\/page"}],"author":[{"embeddable":true,"href":"https:\/\/des-ers.infd.edu.ar\/sitio\/wp-json\/wp\/v2\/users\/8056"}],"replies":[{"embeddable":true,"href":"https:\/\/des-ers.infd.edu.ar\/sitio\/wp-json\/wp\/v2\/comments?post=5685"}],"version-history":[{"count":21,"href":"https:\/\/des-ers.infd.edu.ar\/sitio\/wp-json\/wp\/v2\/pages\/5685\/revisions"}],"predecessor-version":[{"id":6366,"href":"https:\/\/des-ers.infd.edu.ar\/sitio\/wp-json\/wp\/v2\/pages\/5685\/revisions\/6366"}],"wp:attachment":[{"href":"https:\/\/des-ers.infd.edu.ar\/sitio\/wp-json\/wp\/v2\/media?parent=5685"}],"curies":[{"name":"wp","href":"https:\/\/api.w.org\/{rel}","templated":true}]}}