{"id":3129,"date":"2021-09-26T13:18:00","date_gmt":"2021-09-26T16:18:00","guid":{"rendered":"https:\/\/des-ers.infd.edu.ar\/sitio\/tecnicaturas\/"},"modified":"2022-04-25T12:29:11","modified_gmt":"2022-04-25T15:29:11","slug":"tecnicaturas","status":"publish","type":"page","link":"https:\/\/des-ers.infd.edu.ar\/sitio\/tecnicaturas\/","title":{"rendered":"Tecnicaturas"},"content":{"rendered":"\n<div class=\"wp-block-cover has-background-dim-20 has-background-dim has-background-gradient\" style=\"min-height:149px\"><span aria-hidden=\"true\" class=\"wp-block-cover__gradient-background\" style=\"background:linear-gradient(135deg,rgb(74,234,220) 16%,rgb(151,120,209) 19%,rgb(207,42,186) 48%,rgb(238,44,130) 60%,rgb(251,105,98) 62%,rgb(254,248,76) 82%)\"><\/span><img decoding=\"async\" loading=\"lazy\" width=\"546\" height=\"364\" class=\"wp-block-cover__image-background wp-image-5990\" alt=\"\" src=\"https:\/\/des-ers.infd.edu.ar\/sitio\/wp-content\/uploads\/2021\/08\/dis-curri.jpg\" style=\"object-position:52% 58%\" data-object-fit=\"cover\" data-object-position=\"52% 58%\"\/><div class=\"wp-block-cover__inner-container\">\n<p class=\"has-text-align-center\" style=\"font-size:27px\"><em>Dise\u00f1os Curriculares<\/em> <strong>Tecnicaturas<\/strong><\/p>\n<\/div><\/div>\n\n\n\n<hr class=\"wp-block-separator is-style-wide\"\/>\n\n\n\n<div class=\"wp-block-file\"><a href=\"https:\/\/des-ers.infd.edu.ar\/sitio\/wp-content\/uploads\/2021\/09\/0620-15-CGE-Aprueba-Diseno-Curricular-Tecnicatura-Sup.-en-Enfermeria-1.pdf\" target=\"_blank\" rel=\"noreferrer noopener\"><strong><em>Resoluci\u00f3n 0620-15 CGE<\/em><\/strong> Aprueba Dise\u00f1o Curricular <strong>Tecnicatura Superior en Enfermer\u00eda<\/strong><\/a><a href=\"https:\/\/des-ers.infd.edu.ar\/sitio\/wp-content\/uploads\/2021\/09\/0620-15-CGE-Aprueba-Diseno-Curricular-Tecnicatura-Sup.-en-Enfermeria-1.pdf\" class=\"wp-block-file__button\" download>Descarga<\/a><\/div>\n\n\n\n<hr class=\"wp-block-separator is-style-default\"\/>\n\n\n\n<div class=\"wp-block-file\"><a href=\"https:\/\/des-ers.infd.edu.ar\/sitio\/wp-content\/uploads\/2021\/09\/Resolucion_4388-17_CGE.pdf\" target=\"_blank\" rel=\"noreferrer noopener\"><em><strong>Resoluci\u00f3n<\/strong> <strong>4388-17 CGE<\/strong> <\/em>Aprueba el R\u00e9gimen de Correlatividades de la <strong>Tecnicatura Superior en Enfermer\u00eda<\/strong> a implementarse a partir del ciclo lectivo 2017. <\/a><a href=\"https:\/\/des-ers.infd.edu.ar\/sitio\/wp-content\/uploads\/2021\/09\/Resolucion_4388-17_CGE.pdf\" class=\"wp-block-file__button\" download>Descarga<\/a><\/div>\n\n\n\n<hr class=\"wp-block-separator is-style-default\"\/>\n\n\n\n<div class=\"wp-block-file\"><a href=\"https:\/\/des-ers.infd.edu.ar\/sitio\/wp-content\/uploads\/2021\/09\/0829-15-CGE-Aprueba-Diseno-Curricular-de-Tecnicatura-Sup.-en-Diseno-de-Espacios.pdf\" target=\"_blank\" rel=\"noreferrer noopener\"><em><strong>Resoluci\u00f3n<\/strong> <strong>0829-15 CGE<\/strong><\/em> Aprueba Dise\u00f1o Curricular de <strong>Tecnicatura Superior en Dise\u00f1o de Espacios<\/strong><\/a><a href=\"https:\/\/des-ers.infd.edu.ar\/sitio\/wp-content\/uploads\/2021\/09\/0829-15-CGE-Aprueba-Diseno-Curricular-de-Tecnicatura-Sup.-en-Diseno-de-Espacios.pdf\" class=\"wp-block-file__button\" download>Descarga<\/a><\/div>\n\n\n\n<hr class=\"wp-block-separator is-style-default\"\/>\n\n\n\n<div class=\"wp-block-file\"><a href=\"https:\/\/des-ers.infd.edu.ar\/sitio\/wp-content\/uploads\/2021\/09\/0830-15-CGE-Aprueba-Diseno-Curricular-de-Tecnicatura-Sup.-en-Comunicacion-Social.pdf\" target=\"_blank\" rel=\"noreferrer noopener\"><em><strong>Resoluci\u00f3n<\/strong> <strong>0830-15 CGE<\/strong><\/em> Aprueba Dise\u00f1o Curricular de <strong>Tecnicatura Superior en Comunicaci\u00f3n Social<\/strong><\/a><a href=\"https:\/\/des-ers.infd.edu.ar\/sitio\/wp-content\/uploads\/2021\/09\/0830-15-CGE-Aprueba-Diseno-Curricular-de-Tecnicatura-Sup.-en-Comunicacion-Social.pdf\" class=\"wp-block-file__button\" download>Descarga<\/a><\/div>\n\n\n\n<hr class=\"wp-block-separator is-style-default\"\/>\n\n\n\n<div class=\"wp-block-file\"><a href=\"https:\/\/des-ers.infd.edu.ar\/sitio\/wp-content\/uploads\/2021\/09\/0831-15-CGE-Aprueba-Diseno-Curricular-de-Tecnicatura-Sup.-en-Turismo-y-Gestion-de-Servicios.pdf\" target=\"_blank\" rel=\"noreferrer noopener\"><em><strong>Resoluci\u00f3n<\/strong> <strong>0831-15 CGE<\/strong><\/em> Aprueba Dise\u00f1o Curricular de <strong>Tecnicatura Superior en Turismo y Gesti\u00f3n de Servicios<\/strong><\/a><a href=\"https:\/\/des-ers.infd.edu.ar\/sitio\/wp-content\/uploads\/2021\/09\/0831-15-CGE-Aprueba-Diseno-Curricular-de-Tecnicatura-Sup.-en-Turismo-y-Gestion-de-Servicios.pdf\" class=\"wp-block-file__button\" download>Descarga<\/a><\/div>\n\n\n\n<hr class=\"wp-block-separator is-style-default\"\/>\n\n\n\n<div class=\"wp-block-file\"><a href=\"https:\/\/des-ers.infd.edu.ar\/sitio\/wp-content\/uploads\/2021\/09\/0832-15-CGE-Aprueba-Diseno-Curricular-de-Tecnicatura-Sup.-en-Administacion-de-Empresas-Hoteleras.pdf\" target=\"_blank\" rel=\"noreferrer noopener\"><em><strong>Resoluci\u00f3n<\/strong> <strong>0832-15 CGE<\/strong><\/em> Aprueba Dise\u00f1o Curricular de<strong> Tecnicatura Superior en Administraci\u00f3n de Empresas Hoteleras<\/strong><\/a><a href=\"https:\/\/des-ers.infd.edu.ar\/sitio\/wp-content\/uploads\/2021\/09\/0832-15-CGE-Aprueba-Diseno-Curricular-de-Tecnicatura-Sup.-en-Administacion-de-Empresas-Hoteleras.pdf\" class=\"wp-block-file__button\" download>Descarga<\/a><\/div>\n\n\n\n<hr class=\"wp-block-separator is-style-default\"\/>\n\n\n\n<div class=\"wp-block-file\"><a href=\"https:\/\/des-ers.infd.edu.ar\/sitio\/wp-content\/uploads\/2021\/09\/0833-15-CGE-Aprueba-Diseno-Curricular-de-Tecnicatura-Sup.-en-Locucion.pdf\" target=\"_blank\" rel=\"noreferrer noopener\"><em><strong>Resoluci\u00f3n<\/strong> <strong>0833-15 CGE<\/strong><\/em> Aprueba Dise\u00f1o Curricular de <strong>Tecnicatura Superior en Locuci\u00f3n<\/strong><\/a><a href=\"https:\/\/des-ers.infd.edu.ar\/sitio\/wp-content\/uploads\/2021\/09\/0833-15-CGE-Aprueba-Diseno-Curricular-de-Tecnicatura-Sup.-en-Locucion.pdf\" class=\"wp-block-file__button\" download>Descarga<\/a><\/div>\n\n\n\n<hr class=\"wp-block-separator is-style-default\"\/>\n\n\n\n<div class=\"wp-block-file\"><a href=\"https:\/\/des-ers.infd.edu.ar\/sitio\/wp-content\/uploads\/2021\/09\/0834-15-CGE-Aprueba-Diseno-Curricular-de-Tecnicatura-Sup.-en-Administracion-de-Empresas.pdf\" target=\"_blank\" rel=\"noreferrer noopener\"><em><strong>Resoluci\u00f3n<\/strong> <strong>0834-15 CGE<\/strong> <\/em>Aprueba Dise\u00f1o Curricular de <strong>Tecnicatura Superior en Administraci\u00f3n de Empresas<\/strong><\/a><a href=\"https:\/\/des-ers.infd.edu.ar\/sitio\/wp-content\/uploads\/2021\/09\/0834-15-CGE-Aprueba-Diseno-Curricular-de-Tecnicatura-Sup.-en-Administracion-de-Empresas.pdf\" class=\"wp-block-file__button\" download>Descarga<\/a><\/div>\n\n\n\n<hr class=\"wp-block-separator is-style-default\"\/>\n\n\n\n<div class=\"wp-block-file\"><a href=\"https:\/\/des-ers.infd.edu.ar\/sitio\/wp-content\/uploads\/2021\/09\/0835-15-CGE-Aprueba-Diseno-Curricular-de-Tecnicatura-Sup.-en-Diseno-y-Ambientacion-de-Interiores.pdf\" target=\"_blank\" rel=\"noreferrer noopener\"><em><strong>Resoluci\u00f3n<\/strong> <strong>0835-15 CGE<\/strong><\/em> Aprueba Dise\u00f1o Curricular de <strong>Tecnicatura Superior en Dise\u00f1o y Ambientaci\u00f3n de Interiores<\/strong><\/a><a href=\"https:\/\/des-ers.infd.edu.ar\/sitio\/wp-content\/uploads\/2021\/09\/0835-15-CGE-Aprueba-Diseno-Curricular-de-Tecnicatura-Sup.-en-Diseno-y-Ambientacion-de-Interiores.pdf\" class=\"wp-block-file__button\" download>Descarga<\/a><\/div>\n\n\n\n<hr class=\"wp-block-separator is-style-default\"\/>\n\n\n\n<div class=\"wp-block-file\"><a href=\"https:\/\/des-ers.infd.edu.ar\/sitio\/wp-content\/uploads\/2021\/09\/0836-15-CGE-Aprueba-Diseno-Curricular-de-Tecnicatura-Sup.-en-Corretaje-Inmobiliario.pdf\" target=\"_blank\" rel=\"noreferrer noopener\"><strong><em>Re<\/em><\/strong><em><strong>soluci\u00f3n<\/strong> <strong>0836-15 CGE<\/strong> <\/em>Aprueba Dise\u00f1o Curricular de <strong>Tecnicatura Superior en Corretaje Inmobiliario<\/strong><\/a><a href=\"https:\/\/des-ers.infd.edu.ar\/sitio\/wp-content\/uploads\/2021\/09\/0836-15-CGE-Aprueba-Diseno-Curricular-de-Tecnicatura-Sup.-en-Corretaje-Inmobiliario.pdf\" class=\"wp-block-file__button\" download>Descarga<\/a><\/div>\n\n\n\n<hr class=\"wp-block-separator is-style-default\"\/>\n\n\n\n<div class=\"wp-block-file\"><a href=\"https:\/\/des-ers.infd.edu.ar\/sitio\/wp-content\/uploads\/2021\/09\/0837-15-CGE-Aprueba-Diseno-Curricular-de-Tecnicatura-Sup.-en-Administracion-Contable.pdf\" target=\"_blank\" rel=\"noreferrer noopener\"><em><strong>Resoluci\u00f3n<\/strong> <strong>0837-15 CGE<\/strong> <\/em>Aprueba Dise\u00f1o Curricular de <strong>Tecnicatura Superior en Administraci\u00f3n Contable<\/strong><\/a><a href=\"https:\/\/des-ers.infd.edu.ar\/sitio\/wp-content\/uploads\/2021\/09\/0837-15-CGE-Aprueba-Diseno-Curricular-de-Tecnicatura-Sup.-en-Administracion-Contable.pdf\" class=\"wp-block-file__button\" download>Descarga<\/a><\/div>\n\n\n\n<hr class=\"wp-block-separator is-style-default\"\/>\n\n\n\n<div class=\"wp-block-file\"><a href=\"https:\/\/des-ers.infd.edu.ar\/sitio\/wp-content\/uploads\/2021\/09\/0903-15-CGE-Aprueba-Diseno-Curricular-Tecnicatura-Sup.-en-Economia-Social-y-Desarrollo-Local.pdf\" target=\"_blank\" rel=\"noreferrer noopener\"><em><strong>Resoluci\u00f3n<\/strong> <strong>0903-15 CGE<\/strong> <\/em>Aprueba Dise\u00f1o Curricular <strong>Tecnicatura Superior en Econom\u00eda Social y Desarrollo Local<\/strong><\/a><a href=\"https:\/\/des-ers.infd.edu.ar\/sitio\/wp-content\/uploads\/2021\/09\/0903-15-CGE-Aprueba-Diseno-Curricular-Tecnicatura-Sup.-en-Economia-Social-y-Desarrollo-Local.pdf\" class=\"wp-block-file__button\" download>Descarga<\/a><\/div>\n\n\n\n<hr class=\"wp-block-separator is-style-default\"\/>\n\n\n\n<div class=\"wp-block-file\"><a href=\"https:\/\/des-ers.infd.edu.ar\/sitio\/wp-content\/uploads\/2021\/09\/0904-15-CGE-Aprueba-Diseno-Curricular-Tecnicatura-Sup.-en-Gestion-y-Administracion-de-Empresas-Agropecuarias.pdf\" target=\"_blank\" rel=\"noreferrer noopener\"><em><strong>Resoluci\u00f3n<\/strong> <strong>0904-15 CGE<\/strong><\/em> Aprueba Dise\u00f1o Curricular <strong>Tecnicatura Superior en Gesti\u00f3n y Administraci\u00f3n de Empresas Agropecuarias<\/strong><\/a><a href=\"https:\/\/des-ers.infd.edu.ar\/sitio\/wp-content\/uploads\/2021\/09\/0904-15-CGE-Aprueba-Diseno-Curricular-Tecnicatura-Sup.-en-Gestion-y-Administracion-de-Empresas-Agropecuarias.pdf\" class=\"wp-block-file__button\" download>Descarga<\/a><\/div>\n\n\n\n<hr class=\"wp-block-separator is-style-default\"\/>\n\n\n\n<div class=\"wp-block-file\"><a href=\"https:\/\/des-ers.infd.edu.ar\/sitio\/wp-content\/uploads\/2021\/09\/0905-15-CGE-Aprueba-Diseno-Curricular-Tecnicatura-Sup.-en-Gastronomia.pdf\" target=\"_blank\" rel=\"noreferrer noopener\"><em><strong>Resoluci\u00f3n<\/strong> <strong>0905-15 CGE<\/strong> <\/em>Aprueba Dise\u00f1o Curricular <strong>Tecnicatura Superior en Gastronom\u00eda<\/strong><\/a><a href=\"https:\/\/des-ers.infd.edu.ar\/sitio\/wp-content\/uploads\/2021\/09\/0905-15-CGE-Aprueba-Diseno-Curricular-Tecnicatura-Sup.-en-Gastronomia.pdf\" class=\"wp-block-file__button\" download>Descarga<\/a><\/div>\n\n\n\n<hr class=\"wp-block-separator is-style-default\"\/>\n\n\n\n<div class=\"wp-block-file\"><a href=\"https:\/\/des-ers.infd.edu.ar\/sitio\/wp-content\/uploads\/2021\/09\/0906-15-CGE-Aprueba-Diseno-Curricular-Tecnicatura-Sup.-en-Administracion-Publica.pdf\" target=\"_blank\" rel=\"noreferrer noopener\"><em><strong>Resoluci\u00f3n<\/strong> <strong>0906-15 CGE<\/strong><\/em> Aprueba Dise\u00f1o Curricular <strong>Tecnicatura Superior en Administraci\u00f3n P\u00fablica<\/strong><\/a><a href=\"https:\/\/des-ers.infd.edu.ar\/sitio\/wp-content\/uploads\/2021\/09\/0906-15-CGE-Aprueba-Diseno-Curricular-Tecnicatura-Sup.-en-Administracion-Publica.pdf\" class=\"wp-block-file__button\" download>Descarga<\/a><\/div>\n\n\n\n<hr class=\"wp-block-separator is-style-default\"\/>\n\n\n\n<div class=\"wp-block-file\"><a href=\"https:\/\/des-ers.infd.edu.ar\/sitio\/wp-content\/uploads\/2021\/09\/0907-15-CGE-Aprueba-Diseno-Curricular-Tecnicatura-Sup.-en-Gestion-de-la-Produccion-Agropecuaria.pdf\" target=\"_blank\" rel=\"noreferrer noopener\"><em><strong>Resoluci\u00f3n<\/strong> <strong>0907-15 CGE<\/strong><\/em> Aprueba Dise\u00f1o Curricular <strong>Tecnicatura Superior en Gesti\u00f3n de la Producci\u00f3n Agropecuaria<\/strong><\/a><a href=\"https:\/\/des-ers.infd.edu.ar\/sitio\/wp-content\/uploads\/2021\/09\/0907-15-CGE-Aprueba-Diseno-Curricular-Tecnicatura-Sup.-en-Gestion-de-la-Produccion-Agropecuaria.pdf\" class=\"wp-block-file__button\" download>Descarga<\/a><\/div>\n\n\n\n<hr class=\"wp-block-separator is-style-default\"\/>\n\n\n\n<div class=\"wp-block-file\"><a href=\"https:\/\/des-ers.infd.edu.ar\/sitio\/wp-content\/uploads\/2021\/09\/0908-15-CGE-Aprueba-Diseno-Curricular-Tecnicatura-Sup.-en-Diseno-Grafico-y-Publicitario.pdf\" target=\"_blank\" rel=\"noreferrer noopener\"><strong><em>Resoluci\u00f3n 0908-15 CGE<\/em><\/strong> Aprueba Dise\u00f1o Curricular<strong> Tecnicatura Superior en Dise\u00f1o Gr\u00e1fico y Publicitario<\/strong><\/a><a href=\"https:\/\/des-ers.infd.edu.ar\/sitio\/wp-content\/uploads\/2021\/09\/0908-15-CGE-Aprueba-Diseno-Curricular-Tecnicatura-Sup.-en-Diseno-Grafico-y-Publicitario.pdf\" class=\"wp-block-file__button\" download>Descarga<\/a><\/div>\n\n\n\n<hr class=\"wp-block-separator is-style-default\"\/>\n\n\n\n<div class=\"wp-block-file\"><a href=\"https:\/\/des-ers.infd.edu.ar\/sitio\/wp-content\/uploads\/2021\/09\/0909-15-CGE-Aprueba-Diseno-Curricular-Tecnicatura-Sup.-en-Traductorado-Literario-y-Tecnico-Cientifico-de-Ingles.pdf\" target=\"_blank\" rel=\"noreferrer noopener\"><em><strong>Resoluci\u00f3n<\/strong> <strong>0909-15 CGE<\/strong><\/em> Aprueba Dise\u00f1o Curricular<strong> Tecnicatura Superior en Traductorado Literario y T\u00e9cnico Cient\u00edfico de Ingl\u00e9s<\/strong><\/a><a href=\"https:\/\/des-ers.infd.edu.ar\/sitio\/wp-content\/uploads\/2021\/09\/0909-15-CGE-Aprueba-Diseno-Curricular-Tecnicatura-Sup.-en-Traductorado-Literario-y-Tecnico-Cientifico-de-Ingles.pdf\" class=\"wp-block-file__button\" download>Descarga<\/a><\/div>\n\n\n\n<hr class=\"wp-block-separator is-style-default\"\/>\n\n\n\n<div class=\"wp-block-file\"><a href=\"https:\/\/des-ers.infd.edu.ar\/sitio\/wp-content\/uploads\/2021\/09\/0920-15-CGE-Aprueba-Diseno-Curricular-Tecnicatura-Sup.-en-Analisis-y-Desarrollo-de-Software.pdf\" target=\"_blank\" rel=\"noreferrer noopener\"><em><strong>Resoluci\u00f3n<\/strong> <strong>0920-15-CGE<\/strong><\/em> Aprueba Dise\u00f1o Curricular <strong>Tecnicatura Superior en An\u00e1lisis y Desarrollo de Software<\/strong><\/a><a href=\"https:\/\/des-ers.infd.edu.ar\/sitio\/wp-content\/uploads\/2021\/09\/0920-15-CGE-Aprueba-Diseno-Curricular-Tecnicatura-Sup.-en-Analisis-y-Desarrollo-de-Software.pdf\" class=\"wp-block-file__button\" download>Descarga<\/a><\/div>\n\n\n\n<hr class=\"wp-block-separator is-style-default\"\/>\n\n\n\n<div class=\"wp-block-file\"><a href=\"https:\/\/des-ers.infd.edu.ar\/sitio\/wp-content\/uploads\/2021\/09\/1014-15-CGE-Aprueba-Diseno-Curricular-Tecnicatura-Sup.-en-Nutricion-Animal.pdf\" target=\"_blank\" rel=\"noreferrer noopener\"><em><strong>Resoluci\u00f3n<\/strong> <strong>1014-15 CGE<\/strong><\/em> Aprueba Dise\u00f1o Curricular <strong>Tecnicatura Superior en Nutrici\u00f3n Animal<\/strong><\/a><a href=\"https:\/\/des-ers.infd.edu.ar\/sitio\/wp-content\/uploads\/2021\/09\/1014-15-CGE-Aprueba-Diseno-Curricular-Tecnicatura-Sup.-en-Nutricion-Animal.pdf\" class=\"wp-block-file__button\" download>Descarga<\/a><\/div>\n\n\n\n<hr class=\"wp-block-separator is-style-default\"\/>\n\n\n\n<div class=\"wp-block-file\"><a href=\"https:\/\/des-ers.infd.edu.ar\/sitio\/wp-content\/uploads\/2021\/09\/1015-15-CGE-Aprueba-Diseno-Curricular-Tecnicatura-Sup.-en-Artes-Plasticas.pdf\" target=\"_blank\" rel=\"noreferrer noopener\"><em><strong>Resoluci\u00f3n<\/strong> <strong>1015-15 CGE<\/strong><\/em> Aprueba Dise\u00f1o Curricular<strong> Tecnicatura Superior en Artes Pl\u00e1sticas<\/strong><\/a><a href=\"https:\/\/des-ers.infd.edu.ar\/sitio\/wp-content\/uploads\/2021\/09\/1015-15-CGE-Aprueba-Diseno-Curricular-Tecnicatura-Sup.-en-Artes-Plasticas.pdf\" class=\"wp-block-file__button\" download>Descarga<\/a><\/div>\n\n\n\n<hr class=\"wp-block-separator is-style-default\"\/>\n\n\n\n<div class=\"wp-block-file\"><a href=\"https:\/\/des-ers.infd.edu.ar\/sitio\/wp-content\/uploads\/2021\/09\/1016-15-CGE-Aprueba-Diseno-Curricular-Tecnicatura-Sup.-en-Propaganda-Medica.pdf\" target=\"_blank\" rel=\"noreferrer noopener\"><em><strong>Resoluci\u00f3n<\/strong> <strong>1016-15 CGE<\/strong><\/em> Aprueba Dise\u00f1o Curricular<strong> Tecnicatura Superior en Propaganda M\u00e9dica<\/strong><\/a><a href=\"https:\/\/des-ers.infd.edu.ar\/sitio\/wp-content\/uploads\/2021\/09\/1016-15-CGE-Aprueba-Diseno-Curricular-Tecnicatura-Sup.-en-Propaganda-Medica.pdf\" class=\"wp-block-file__button\" download>Descarga<\/a><\/div>\n\n\n\n<hr class=\"wp-block-separator is-style-default\"\/>\n\n\n\n<div class=\"wp-block-file\"><a href=\"https:\/\/des-ers.infd.edu.ar\/sitio\/wp-content\/uploads\/2021\/09\/1017-15-CGE-Aprueba-Diseno-Curricular-Tecnicatura-Sup.-en-Radiologia.pdf\" target=\"_blank\" rel=\"noreferrer noopener\"><em><strong>Resoluci\u00f3n<\/strong> <strong>1017-15 CGE<\/strong> <\/em>Aprueba Dise\u00f1o Curricular <strong>Tecnicatura Superior en Radiolog\u00eda<\/strong><\/a><a href=\"https:\/\/des-ers.infd.edu.ar\/sitio\/wp-content\/uploads\/2021\/09\/1017-15-CGE-Aprueba-Diseno-Curricular-Tecnicatura-Sup.-en-Radiologia.pdf\" class=\"wp-block-file__button\" download>Descarga<\/a><\/div>\n\n\n\n<hr class=\"wp-block-separator is-style-default\"\/>\n\n\n\n<div class=\"wp-block-file\"><a href=\"https:\/\/des-ers.infd.edu.ar\/sitio\/wp-content\/uploads\/2021\/09\/1096-15-CGE-Aprueba-Diseno-Curricular-Tecnicatura-Sup.-en-Mantenimiento-Industrial.pdf\" target=\"_blank\" rel=\"noreferrer noopener\"><strong><em>Resoluci\u00f3n 1096-15 CGE<\/em><\/strong> Aprueba Dise\u00f1o Curricular<strong> Tecnicatura Superior en Mantenimiento Industrial<\/strong><\/a><a href=\"https:\/\/des-ers.infd.edu.ar\/sitio\/wp-content\/uploads\/2021\/09\/1096-15-CGE-Aprueba-Diseno-Curricular-Tecnicatura-Sup.-en-Mantenimiento-Industrial.pdf\" class=\"wp-block-file__button\" download>Descarga<\/a><\/div>\n\n\n\n<hr class=\"wp-block-separator is-style-default\"\/>\n\n\n\n<div class=\"wp-block-file\"><a href=\"https:\/\/des-ers.infd.edu.ar\/sitio\/wp-content\/uploads\/2021\/09\/1097-15-CGE-Aprueba-Diseno-Curricular-Tecnicatura-Sup.-en-Gestion-de-Pequenas-y-Medianas-Empresas.pdf\" target=\"_blank\" rel=\"noreferrer noopener\"><em><strong>Resoluci\u00f3n<\/strong> <strong>1097-15 CGE<\/strong> <\/em>Aprueba Dise\u00f1o Curricular <strong>Tecnicatura Superior en Gesti\u00f3n de Peque\u00f1as y Medianas Empresas<\/strong><\/a><a href=\"https:\/\/des-ers.infd.edu.ar\/sitio\/wp-content\/uploads\/2021\/09\/1097-15-CGE-Aprueba-Diseno-Curricular-Tecnicatura-Sup.-en-Gestion-de-Pequenas-y-Medianas-Empresas.pdf\" class=\"wp-block-file__button\" download>Descarga<\/a><\/div>\n\n\n\n<hr class=\"wp-block-separator is-style-default\"\/>\n\n\n\n<div class=\"wp-block-file\"><a href=\"https:\/\/des-ers.infd.edu.ar\/sitio\/wp-content\/uploads\/2021\/09\/1098-15-CGE-Aprueba-Diseno-Curricular-Tecnicatura-Sup.-en-Tecnologia-de-los-Alimentos-1.pdf\" target=\"_blank\" rel=\"noreferrer noopener\"><em><strong>Resoluci\u00f3n<\/strong> <strong>1098-15 CGE<\/strong> <\/em>Aprueba Dise\u00f1o Curricular <strong>Tecnicatura Superior en Tecnolog\u00eda de los Alimentos<\/strong><\/a><a href=\"https:\/\/des-ers.infd.edu.ar\/sitio\/wp-content\/uploads\/2021\/09\/1098-15-CGE-Aprueba-Diseno-Curricular-Tecnicatura-Sup.-en-Tecnologia-de-los-Alimentos-1.pdf\" class=\"wp-block-file__button\" download>Descarga<\/a><\/div>\n\n\n\n<hr class=\"wp-block-separator is-style-default\"\/>\n\n\n\n<div class=\"wp-block-file\"><a href=\"https:\/\/des-ers.infd.edu.ar\/sitio\/wp-content\/uploads\/2021\/09\/2376-15-CGE-Diseno-Curricular-Tecnicatura-Sup.-en-Bibliotecologia.pdf\" target=\"_blank\" rel=\"noreferrer noopener\"><strong><em>Resoluci\u00f3n 2376-15 CGE<\/em><\/strong> Dise\u00f1o Curricular <strong>Tecnicatura Superior en Bibliotecolog\u00eda<\/strong><\/a><a href=\"https:\/\/des-ers.infd.edu.ar\/sitio\/wp-content\/uploads\/2021\/09\/2376-15-CGE-Diseno-Curricular-Tecnicatura-Sup.-en-Bibliotecologia.pdf\" class=\"wp-block-file__button\" download>Descarga<\/a><\/div>\n\n\n\n<hr class=\"wp-block-separator is-style-default\"\/>\n\n\n\n<div class=\"wp-block-file\"><a href=\"https:\/\/des-ers.infd.edu.ar\/sitio\/wp-content\/uploads\/2022\/04\/0220-15-CGE-Aprueba-Tecnicatura-Sup-en-Seguridad-Higiene-y-Ambiente-Parana-1.pdf\" target=\"_blank\" rel=\"noreferrer noopener\"><strong><em>Resoluci\u00f3n 0220-15 CGE<\/em><\/strong> Aprueba Plan de Estudio <strong>Tecnicatura Superior en Seguridad, Higiene y Ambiente en el Trabajo<\/strong><\/a><a href=\"https:\/\/des-ers.infd.edu.ar\/sitio\/wp-content\/uploads\/2022\/04\/0220-15-CGE-Aprueba-Tecnicatura-Sup-en-Seguridad-Higiene-y-Ambiente-Parana-1.pdf\" class=\"wp-block-file__button\" download>Descarga<\/a><\/div>\n\n\n\n<hr class=\"wp-block-separator is-style-wide\"\/>\n","protected":false},"excerpt":{"rendered":"","protected":false},"author":15210,"featured_media":0,"parent":0,"menu_order":0,"comment_status":"closed","ping_status":"closed","template":"","meta":[],"acf":[],"_links":{"self":[{"href":"https:\/\/des-ers.infd.edu.ar\/sitio\/wp-json\/wp\/v2\/pages\/3129"}],"collection":[{"href":"https:\/\/des-ers.infd.edu.ar\/sitio\/wp-json\/wp\/v2\/pages"}],"about":[{"href":"https:\/\/des-ers.infd.edu.ar\/sitio\/wp-json\/wp\/v2\/types\/page"}],"author":[{"embeddable":true,"href":"https:\/\/des-ers.infd.edu.ar\/sitio\/wp-json\/wp\/v2\/users\/15210"}],"replies":[{"embeddable":true,"href":"https:\/\/des-ers.infd.edu.ar\/sitio\/wp-json\/wp\/v2\/comments?post=3129"}],"version-history":[{"count":12,"href":"https:\/\/des-ers.infd.edu.ar\/sitio\/wp-json\/wp\/v2\/pages\/3129\/revisions"}],"predecessor-version":[{"id":7992,"href":"https:\/\/des-ers.infd.edu.ar\/sitio\/wp-json\/wp\/v2\/pages\/3129\/revisions\/7992"}],"wp:attachment":[{"href":"https:\/\/des-ers.infd.edu.ar\/sitio\/wp-json\/wp\/v2\/media?parent=3129"}],"curies":[{"name":"wp","href":"https:\/\/api.w.org\/{rel}","templated":true}]}}