{"id":3125,"date":"2018-07-03T13:18:32","date_gmt":"2018-07-03T16:18:32","guid":{"rendered":"https:\/\/des-ers.infd.edu.ar\/sitio\/resoluciones-y-regimenes-academicos\/"},"modified":"2021-10-23T08:24:24","modified_gmt":"2021-10-23T11:24:24","slug":"resoluciones-y-regimenes-academicos","status":"publish","type":"page","link":"https:\/\/des-ers.infd.edu.ar\/sitio\/resoluciones-y-regimenes-academicos\/","title":{"rendered":"Resoluciones y Reg\u00edmenes Acad\u00e9micos"},"content":{"rendered":"\n<div class=\"wp-block-cover has-background-dim-30 has-background-dim has-background-gradient\" style=\"min-height:111px\"><span aria-hidden=\"true\" class=\"wp-block-cover__gradient-background has-cool-to-warm-spectrum-gradient-background\"><\/span><img decoding=\"async\" class=\"wp-block-cover__image-background wp-image-3380\" alt=\"\" src=\"https:\/\/des-ers.infd.edu.ar\/sitio\/wp-content\/uploads\/sitio\/manolapicera.jpg\" style=\"object-position:51% 78%\" data-object-fit=\"cover\" data-object-position=\"51% 78%\"\/><div class=\"wp-block-cover__inner-container\">\n<p class=\"has-text-align-center\" style=\"font-size:30px\">Resoluciones y Reg\u00edmenes Acad\u00e9micos<\/p>\n<\/div><\/div>\n\n\n\n<p><strong>Provinciales<\/strong><\/p>\n\n\n\n<div class=\"wp-block-file\"><a href=\"https:\/\/des-ers.infd.edu.ar\/sitio\/wp-content\/uploads\/2021\/08\/1081-21-CGE-Reconoce-Postitulo-Actualizacion-Academica-en-Educacion-Ambiental-y-Cultura-del-Agua...-1-5.pdf\" target=\"_blank\" rel=\"noreferrer noopener\">&gt; Post\u00edtulo Actualizaci\u00f3n Acad\u00e9mica en Educaci\u00f3n Ambiental y Cultura del Agua <em><strong>Resoluci\u00f3n N\u00b0 1081\/21 CGE<\/strong><\/em><\/a><a href=\"https:\/\/des-ers.infd.edu.ar\/sitio\/wp-content\/uploads\/2021\/08\/1081-21-CGE-Reconoce-Postitulo-Actualizacion-Academica-en-Educacion-Ambiental-y-Cultura-del-Agua...-1-5.pdf\" class=\"wp-block-file__button\" download>Descarga<\/a><\/div>\n\n\n\n<div class=\"wp-block-file\"><a href=\"https:\/\/des-ers.infd.edu.ar\/sitio\/wp-content\/uploads\/2021\/08\/1135-21-CGE-Reconoce-Diplomatura-Superior-Diplomatura-en-Historia-de-Entre-Rios-.pdf\" target=\"_blank\" rel=\"noreferrer noopener\">&gt; Post\u00edtulo Diplomatura Superior en Historia de Entre R\u00edos <em><strong>Resoluci\u00f3n N\u00b0 1135\/21CGE<\/strong><\/em> <\/a><a href=\"https:\/\/des-ers.infd.edu.ar\/sitio\/wp-content\/uploads\/2021\/08\/1135-21-CGE-Reconoce-Diplomatura-Superior-Diplomatura-en-Historia-de-Entre-Rios-.pdf\" class=\"wp-block-file__button\" download>Descarga<\/a><\/div>\n\n\n\n<hr class=\"wp-block-separator is-style-wide\"\/>\n\n\n\n<p><strong>Nacionales<\/strong><\/p>\n\n\n\n<p>&gt; Post\u00edtulo Especializaci\u00f3n de Nivel Superior en Alfabetizaci\u00f3n Inicial:<br> <a rel=\"noreferrer noopener\" href=\"upload\/Res_1978_14_Especializaci%F3n_Alfabetizaci%F3n.pdf\" target=\"_blank\">Resoluci\u00f3n N\u00b0 1968\/14 MIN<\/a> &#8211; <a rel=\"noreferrer noopener\" href=\"upload\/R%E9gimen_Acad%E9m_Esp_en_Alfabetizaci%F3n_Inicial.pdf\" target=\"_blank\">R\u00e9gimen Acad\u00e9mico<\/a><br><br>&gt; Post\u00edtulo Especializaci\u00f3n Docente de Nivel Superior Ciencias en Problem\u00e1ticas de las Ciencias Sociales y su Ense\u00f1anza: <a rel=\"noreferrer noopener\" href=\"upload\/Res_1979_14_Especializaci%F3n_Ciencias_Sociales_Secundaria.pdf\" target=\"_blank\">Resoluci\u00f3n N\u00b0 1979\/14 MIN<\/a> &#8211; <a rel=\"noreferrer noopener\" href=\"upload\/R%E9gimen_Acad%E9m_Esp_en_Ciencias_Sociales.pdf\" target=\"_blank\">R\u00e9gimen Acad\u00e9mico<\/a>&nbsp; &nbsp;&nbsp;<br><br>&gt; Post\u00edtulo Especializaci\u00f3n Docente en Educaci\u00f3n y Derechos Humanos: <br><a rel=\"noreferrer noopener\" href=\"upload\/Res_1976_14_Especializaci%F3n_DDHH.pdf\" target=\"_blank\">Resoluci\u00f3n N\u00b0 1976\/14 MIN<\/a> &#8211; <a rel=\"noreferrer noopener\" href=\"upload\/R%E9gimen_Acad%E9m_Esp_en_DDHH.pdf\" target=\"_blank\">R\u00e9gimen Acad\u00e9mico<\/a><br><br>&gt; Post\u00edtulo Especializaci\u00f3n Docente de Nivel Superior en Escritura y Literatura en la Escuela Secundaria: <a rel=\"noreferrer noopener\" href=\"upload\/Res_1977_14_Especializaci%F3n_Escritura_y_Literatura_2.pdf\" target=\"_blank\">Resoluci\u00f3n N\u00b0 1977\/14 MIN<\/a>&nbsp;&#8211; <a rel=\"noreferrer noopener\" href=\"upload\/R%E9gimen_Acad%E9m_Esp_en_Lectura_y_Escritura.pdf\" target=\"_blank\">R\u00e9gimen Acad\u00e9mico<\/a>&nbsp;<br><br>&gt; Post\u00edtulo Especializaci\u00f3n Docente de Nivel Superior en Pol\u00edticas y Programas Socioeducativos:<br> <a rel=\"noreferrer noopener\" href=\"upload\/Res_1975_14_Especializaci%F3n_Pol%EDticas_Socioeducativas.pdf\" target=\"_blank\">Resoluci\u00f3n N\u00b0 1975\/14 MIN<\/a> &#8211; <a rel=\"noreferrer noopener\" href=\"upload\/R%E9gimen_Acad%E9m_Esp_en_Pol%EDticas_Socioeducativas.pdf\" target=\"_blank\">R\u00e9gimen Acad\u00e9mico<\/a><br><br>&gt; Post\u00edtulo Especializaci\u00f3n&nbsp;Docente de Nivel Superior en Ense\u00f1anza de las Ciencias Sociales en la Escuela Primaria: <a rel=\"noreferrer noopener\" href=\"upload\/RES_MIN__2373_15_Sociales_Primaria.pdf\" target=\"_blank\">Resoluci\u00f3n N\u00b0 2373\/15 MIN&nbsp;<\/a><br><br>&gt; Post\u00edtulo Especializaci\u00f3n Docente de Nivel Superior en Educaci\u00f3n Maternal: <br><a rel=\"noreferrer noopener\" href=\"upload\/RES_MIN_2406_15_Educacion_Maternal.pdf\" target=\"_blank\">Resoluci\u00f3n N\u00b0 2406\/15 MIN<\/a>&nbsp;<br><br>&gt; Post\u00edtulo Especializaci\u00f3n Docente de Nivel Superior en Ense\u00f1anza de las Ciencias Naturales en la Escuela Secundaria:<a rel=\"noreferrer noopener\" href=\"upload\/RES_MIN_2408_15_Naturales_Secundaria.pdf\" target=\"_blank\"> Resoluci\u00f3n N\u00b0 2408\/15 MIN&nbsp;<\/a><br><br>&gt; Post\u00edtulo Especializaci\u00f3n Docente de Nivel Superior en Ense\u00f1anza de las Ciencias Naturales en la Escuela Primaria: <a rel=\"noreferrer noopener\" href=\"upload\/RES_MIN_2409_15_Naturales_Primaria.pdf\" target=\"_blank\">Resoluci\u00f3n N\u00b0 2409\/15 MIN<\/a><br><br>&gt; Post\u00edtulo Especializaci\u00f3n Docente de Nivel Superior en Ciencias Naturales en la Escuela Primaria: <br><a rel=\"noreferrer noopener\" href=\"upload\/RES_MIN_2409_15_Naturales_Primaria.pdf\" target=\"_blank\">R\u00e9gimen Acad\u00e9mico<\/a>&nbsp;<br><br>&gt; Post\u00edtulo Especializaci\u00f3n Docente de Nivel Superior en Ciencias Naturales en la Escuela Secundaria: <br><a rel=\"noreferrer noopener\" href=\"upload\/RES_MIN_2408_15_Naturales_Secundaria.pdf\" target=\"_blank\">R\u00e9gimen Acad\u00e9mico<\/a>&nbsp;<br><br>&gt; Post\u00edtulo Especializaci\u00f3n Docente de Nivel Superior en Ciencias Sociales en la Escuela Primaria: <br><a rel=\"noreferrer noopener\" href=\"upload\/RES_MIN__2373_15_Sociales_Primaria.pdf\" target=\"_blank\">R\u00e9gimen Acad\u00e9mico<\/a><br><br>&gt; Post\u00edtulo Especializaci\u00f3n Docente de Nivel Superior en Educaci\u00f3n Maternal:<br> <a rel=\"noreferrer noopener\" href=\"upload\/RES_MIN_2406_15_Educacion_Maternal.pdf\" target=\"_blank\">R\u00e9gimen Acad\u00e9mico<\/a>&nbsp;<\/p>\n\n\n\n<hr class=\"wp-block-separator is-style-wide\"\/>\n\n\n\n<div class=\"wp-block-image is-style-rounded\"><figure class=\"aligncenter size-large is-resized\"><img decoding=\"async\" loading=\"lazy\" src=\"https:\/\/des-ers.infd.edu.ar\/sitio\/wp-content\/uploads\/2021\/10\/Logo-CGE-fondo-blanco-1.png\" alt=\"\" class=\"wp-image-7370\" width=\"201\" height=\"52\" title=\"Icono\"\/><\/figure><\/div>\n\n\n\n<p><\/p>\n","protected":false},"excerpt":{"rendered":"<p>Provinciales Nacionales &gt; Post\u00edtulo Especializaci\u00f3n de Nivel Superior en Alfabetizaci\u00f3n Inicial: Resoluci\u00f3n N\u00b0 1968\/14 MIN &#8211; R\u00e9gimen Acad\u00e9mico &gt; Post\u00edtulo Especializaci\u00f3n Docente de Nivel Superior Ciencias en Problem\u00e1ticas de las Ciencias Sociales y su Ense\u00f1anza: Resoluci\u00f3n N\u00b0 1979\/14 MIN &#8211; R\u00e9gimen Acad\u00e9mico&nbsp; &nbsp;&nbsp; &gt; Post\u00edtulo Especializaci\u00f3n Docente en Educaci\u00f3n y Derechos Humanos: Resoluci\u00f3n N\u00b0 1976\/14 &#8230; <a title=\"Resoluciones y Reg\u00edmenes Acad\u00e9micos\" class=\"read-more\" href=\"https:\/\/des-ers.infd.edu.ar\/sitio\/resoluciones-y-regimenes-academicos\/\" aria-label=\"More on Resoluciones y Reg\u00edmenes Acad\u00e9micos\">[+]<\/a><\/p>\n","protected":false},"author":2706,"featured_media":0,"parent":0,"menu_order":0,"comment_status":"closed","ping_status":"closed","template":"","meta":[],"acf":[],"_links":{"self":[{"href":"https:\/\/des-ers.infd.edu.ar\/sitio\/wp-json\/wp\/v2\/pages\/3125"}],"collection":[{"href":"https:\/\/des-ers.infd.edu.ar\/sitio\/wp-json\/wp\/v2\/pages"}],"about":[{"href":"https:\/\/des-ers.infd.edu.ar\/sitio\/wp-json\/wp\/v2\/types\/page"}],"author":[{"embeddable":true,"href":"https:\/\/des-ers.infd.edu.ar\/sitio\/wp-json\/wp\/v2\/users\/2706"}],"replies":[{"embeddable":true,"href":"https:\/\/des-ers.infd.edu.ar\/sitio\/wp-json\/wp\/v2\/comments?post=3125"}],"version-history":[{"count":17,"href":"https:\/\/des-ers.infd.edu.ar\/sitio\/wp-json\/wp\/v2\/pages\/3125\/revisions"}],"predecessor-version":[{"id":7388,"href":"https:\/\/des-ers.infd.edu.ar\/sitio\/wp-json\/wp\/v2\/pages\/3125\/revisions\/7388"}],"wp:attachment":[{"href":"https:\/\/des-ers.infd.edu.ar\/sitio\/wp-json\/wp\/v2\/media?parent=3125"}],"curies":[{"name":"wp","href":"https:\/\/api.w.org\/{rel}","templated":true}]}}