{"id":3104,"date":"2018-07-10T12:59:04","date_gmt":"2018-07-10T15:59:04","guid":{"rendered":"https:\/\/des-ers.infd.edu.ar\/sitio\/?page_id=3104"},"modified":"2018-07-10T12:59:04","modified_gmt":"2018-07-10T15:59:04","slug":"encuentro-en-nogoya-de-la-especializacion-docente-en-educacion-y-tic","status":"publish","type":"page","link":"https:\/\/des-ers.infd.edu.ar\/sitio\/encuentro-en-nogoya-de-la-especializacion-docente-en-educacion-y-tic\/","title":{"rendered":"Encuentro en Nogoy\u00e1 de la Especializaci\u00f3n Docente en Educaci\u00f3n y TIC"},"content":{"rendered":"<table style=\"width: 516px; height: 513px;\" border=\"0\" align=\"center\">\n<tbody>\n<tr>\n<td style=\"text-align: justify;\"><span style=\"font-size: 10pt;\">El d&iacute;a s&aacute;bado 26 de abril del 2014 se realiz&oacute; en la Escuela Normal Superior Dr. Antonio Sagarna el Encuentro Presencial de M&oacute;dulos correspondiente a la Especializaci&oacute;n Docente en Educaci&oacute;n y TIC, que comenz&oacute; a dictarse en el a&ntilde;o 2012. La misma est&aacute; destinada a docentes de Nivel Secundario, Especial y Superior y a estudiantes que est&eacute;n cursando el &uacute;ltimo a&ntilde;o de las carreras docentes.<\/span><\/p>\n<p style=\"text-align: justify;\"><span style=\"font-size: 10pt;\">El mismo cont&oacute; con la presencia de m&aacute;s de 100 docentes de la ciudad de Nogoy&aacute; y de las localidades vecinas como: Victoria, Ram&iacute;rez, Crespo, Maci&aacute;, Villa Libertador y Tala.<\/span><\/p>\n<p style=\"text-align: justify;\"><span style=\"font-size: 10pt;\">El encuentro comenz&oacute; con las palabras de la Rectora de la Escuela la Profesora Marisa Cardenal y de la Coordinadora de la Especializaci&oacute;n Norma Wiemer, quienes estuvieron acompa&ntilde;ando a los diferentes grupos de tutores, Profesora Josefina Burruhet, Profesora Carolina Imoberdoff y el Ingeniero Claudio Gamarra.<\/span><\/p>\n<p style=\"text-align: justify;\"><span style=\"font-size: 10pt;\">Para la Coordinadora de la Especializaci&oacute;n Norma Wiemer&nbsp;<em>&ldquo;Fue una jornada de reflexi&oacute;n y de trabajo colaborativo que se realiz&oacute; durante todo el d&iacute;a a partir de las 8 de la ma&ntilde;ana. All&iacute; lo docentes compartieron experiencias y realizaron trabajos muy productivos, fue una linda jornada a pesar de estar los docentes muchas horas, el trabajo fue lindo, din&aacute;mico y se hicieron interesantes producciones y los docentes se fueron muy contentos&rdquo;.<\/em><\/span><\/p>\n<p style=\"text-align: justify;\"><span style=\"font-size: 10pt;\">Desde la Direcci&oacute;n de Educaci&oacute;n Superior, la inclusi&oacute;n de las TIC como recurso mediador en la formaci&oacute;n docente constituye uno de los objetivos principales de la misma, su Director el Profesor Ra&uacute;l Piazzentino se&ntilde;al&oacute; que uno de los prop&oacute;sitos de su gesti&oacute;n es &ldquo;<em>incorporar las Nuevas Tecnolog&iacute;as de la Informaci&oacute;n y la Comunicaci&oacute;n (TIC) en los procesos de formaci&oacute;n, en el establecimiento gradual de sistemas permanentes de comunicaci&oacute;n y de cooperaci&oacute;n interinstitucional&rdquo;.<\/em><\/span><\/p>\n<p>&nbsp; &nbsp; &nbsp; &nbsp; &nbsp; &nbsp; &nbsp; &nbsp; &nbsp; &nbsp; &nbsp; &nbsp; &nbsp; &nbsp; &nbsp; &nbsp; &nbsp; &nbsp; &nbsp; &nbsp; &nbsp; &nbsp; &nbsp; &nbsp; &nbsp; &nbsp; &nbsp; &nbsp; &nbsp; &nbsp; &nbsp; &nbsp; &nbsp; &nbsp; &nbsp; &nbsp; &nbsp; &nbsp; &nbsp; &nbsp; &nbsp; &nbsp; &nbsp;<\/td>\n<\/tr>\n<\/tbody>\n<table style=\"width: 513px; height: 158px;\" border=\"0\">\n<tbody>\n<tr>\n<td><img decoding=\"async\" title=\"20\" src=\"https:\/\/des-ers.infd.edu.ar\/sitio\/wp-content\/uploads\/2018\/07\/20_5.jpg\" border=\"0\" alt=\"20\"><\/td>\n<td><img decoding=\"async\" title=\"21\" src=\"https:\/\/des-ers.infd.edu.ar\/sitio\/wp-content\/uploads\/2018\/07\/21_5.jpg\" border=\"0\" alt=\"21\"><\/td>\n<td><img decoding=\"async\" title=\"22\" src=\"https:\/\/des-ers.infd.edu.ar\/sitio\/wp-content\/uploads\/2018\/07\/22_6.jpg\" border=\"0\" alt=\"22\"><\/td>\n<\/tr>\n<\/tbody>\n<\/table>\n<\/table>\n","protected":false},"excerpt":{"rendered":"<p>El d&iacute;a s&aacute;bado 26 de abril del 2014 se realiz&oacute; en la Escuela Normal Superior Dr. Antonio Sagarna el Encuentro Presencial de M&oacute;dulos correspondiente a la Especializaci&oacute;n Docente en Educaci&oacute;n y TIC, que comenz&oacute; a dictarse en el a&ntilde;o 2012. La misma est&aacute; destinada a docentes de Nivel Secundario, Especial y Superior y a estudiantes &#8230; <a title=\"Encuentro en Nogoy\u00e1 de la Especializaci\u00f3n Docente en Educaci\u00f3n y TIC\" class=\"read-more\" href=\"https:\/\/des-ers.infd.edu.ar\/sitio\/encuentro-en-nogoya-de-la-especializacion-docente-en-educacion-y-tic\/\" aria-label=\"More on Encuentro en Nogoy\u00e1 de la Especializaci\u00f3n Docente en Educaci\u00f3n y TIC\">[+]<\/a><\/p>\n","protected":false},"author":2706,"featured_media":0,"parent":0,"menu_order":0,"comment_status":"closed","ping_status":"closed","template":"","meta":[],"acf":[],"_links":{"self":[{"href":"https:\/\/des-ers.infd.edu.ar\/sitio\/wp-json\/wp\/v2\/pages\/3104"}],"collection":[{"href":"https:\/\/des-ers.infd.edu.ar\/sitio\/wp-json\/wp\/v2\/pages"}],"about":[{"href":"https:\/\/des-ers.infd.edu.ar\/sitio\/wp-json\/wp\/v2\/types\/page"}],"author":[{"embeddable":true,"href":"https:\/\/des-ers.infd.edu.ar\/sitio\/wp-json\/wp\/v2\/users\/2706"}],"replies":[{"embeddable":true,"href":"https:\/\/des-ers.infd.edu.ar\/sitio\/wp-json\/wp\/v2\/comments?post=3104"}],"version-history":[{"count":1,"href":"https:\/\/des-ers.infd.edu.ar\/sitio\/wp-json\/wp\/v2\/pages\/3104\/revisions"}],"predecessor-version":[{"id":3321,"href":"https:\/\/des-ers.infd.edu.ar\/sitio\/wp-json\/wp\/v2\/pages\/3104\/revisions\/3321"}],"wp:attachment":[{"href":"https:\/\/des-ers.infd.edu.ar\/sitio\/wp-json\/wp\/v2\/media?parent=3104"}],"curies":[{"name":"wp","href":"https:\/\/api.w.org\/{rel}","templated":true}]}}