{"id":3095,"date":"2018-07-10T12:59:04","date_gmt":"2018-07-10T15:59:04","guid":{"rendered":"https:\/\/des-ers.infd.edu.ar\/sitio\/?page_id=3095"},"modified":"2018-07-10T12:59:04","modified_gmt":"2018-07-10T15:59:04","slug":"revision-de-los-disenos-curriculares-de-educacion-primaria-e-inicial","status":"publish","type":"page","link":"https:\/\/des-ers.infd.edu.ar\/sitio\/revision-de-los-disenos-curriculares-de-educacion-primaria-e-inicial\/","title":{"rendered":"Revisi\u00f3n de los Dise\u00f1os Curriculares de Educaci\u00f3n Primaria e Inicial"},"content":{"rendered":"<table style=\"width: 540px; height: 229px;\" border=\"0\">\n<tbody>\n<tr>\n<td>\n<p style=\"text-align: justify;\"><span style=\"font-size: 12pt;\">El d&iacute;a 26 de julio se realiz&oacute; en el Instituto de Educaci&oacute;n Superior D -74 Cruz Roja Argentina, la Jornada de Traevisi&oacute;n de los Dise&ntilde;os Curriculares de los profesorados de Educaci&oacute;n Primaria e Inicial dependientes de la Direcci&oacute;n de Educaci&oacute;n Superior y de la Direcci&oacute;n de Educaci&oacute;n Privada.<\/span><\/p>\n<p style=\"text-align: justify;\"><span style=\"font-size: 12pt;\">Los ejes trabajados en el&nbsp; encuentro estuvieron centrados en el an&aacute;lisis de los Dise&ntilde;os Curriculares para la validez nacional de t&iacute;tulos seg&uacute;n lo establecido en la Resoluci&oacute;n N&deg; 1588\/12 INFD y la presentaci&oacute;n del dispositivo de Evaluaci&oacute;n Integral de Estudiantes para los profesorados de Educaci&oacute;n Primaria e Inicial de la provincia.<\/span><\/p>\n<p style=\"text-align: justify;\"><span style=\"font-size: 12pt;\">Los aspectos de los dise&ntilde;os curriculares en revisi&oacute;n fueron fundamentalmente su organizaci&oacute;n en campos, dimensiones y ejes de contenidos; la denominaci&oacute;n de las unidades curriculares y su escritura en el marco de las orientaciones y descriptores. Se dedico un espacio especial para debatir junto con los docentes la estructura de correlatividades y el campo especifico de la pr&aacute;ctica profesional docente.<\/span><\/p>\n<p style=\"text-align: justify;\"><span style=\"font-size: 12pt;\">La Jornada estuvo a cargo de la Coordinadora General del Equipo T&eacute;cnico Pedag&oacute;gico de Educaci&oacute;n Superior la Profesora Patricia L&iacute;a, responsables del &Aacute;rea de Desarrollo la Curricular las Profesoras Ana Mar&iacute;a Ram&iacute;rez, Erika Espelosin, Janet Cian y por la Comisi&oacute;n provincial de Evaluaci&oacute;n de Estudiantes la Licenciada Luciana Tourn.&nbsp;<\/span><\/p>\n<\/td>\n<\/tr>\n<\/tbody>\n<table style=\"width: 539px; height: 309px;\" border=\"0\">\n<tbody>\n<tr>\n<td>&nbsp;<img decoding=\"async\" title=\"1\" src=\"https:\/\/des-ers.infd.edu.ar\/sitio\/wp-content\/uploads\/2018\/07\/1_4-1.jpg\" border=\"0\" alt=\"1\"><\/td>\n<td><img decoding=\"async\" title=\"2\" src=\"https:\/\/des-ers.infd.edu.ar\/sitio\/wp-content\/uploads\/2018\/07\/2_4-1.jpg\" border=\"0\" alt=\"2\">&nbsp;<\/td>\n<td>&nbsp;<img decoding=\"async\" title=\"3\" src=\"https:\/\/des-ers.infd.edu.ar\/sitio\/wp-content\/uploads\/2018\/07\/3_4-1.jpg\" border=\"0\" alt=\"3\"><\/td>\n<\/tr>\n<tr>\n<td>&nbsp;<img decoding=\"async\" title=\"4\" src=\"https:\/\/des-ers.infd.edu.ar\/sitio\/wp-content\/uploads\/2018\/07\/4_4-1.jpg\" border=\"0\" alt=\"4\"><\/td>\n<td>&nbsp;<img decoding=\"async\" title=\"5\" src=\"https:\/\/des-ers.infd.edu.ar\/sitio\/wp-content\/uploads\/2018\/07\/5_5.jpg\" border=\"0\" alt=\"5\"><\/td>\n<td>&nbsp;<img decoding=\"async\" title=\"6\" src=\"https:\/\/des-ers.infd.edu.ar\/sitio\/wp-content\/uploads\/2018\/07\/6_5.jpg\" border=\"0\" alt=\"6\"><\/td>\n<\/tr>\n<\/tbody>\n<\/table>\n<table style=\"width: 538px; height: 167px;\" border=\"0\">\n<tbody>\n<tr>\n<td><img decoding=\"async\" title=\"7\" src=\"https:\/\/des-ers.infd.edu.ar\/sitio\/wp-content\/uploads\/2018\/07\/7_4-1.jpg\" border=\"0\" alt=\"7\"><\/td>\n<td><img decoding=\"async\" title=\"8\" src=\"https:\/\/des-ers.infd.edu.ar\/sitio\/wp-content\/uploads\/2018\/07\/8_3-1.jpg\" border=\"0\" alt=\"8\"><\/td>\n<td><img decoding=\"async\" title=\"9\" src=\"https:\/\/des-ers.infd.edu.ar\/sitio\/wp-content\/uploads\/2018\/07\/9_3-1.jpg\" border=\"0\" alt=\"9\"><\/td>\n<\/tr>\n<\/tbody>\n<\/table>\n<\/table>\n","protected":false},"excerpt":{"rendered":"<p>El d&iacute;a 26 de julio se realiz&oacute; en el Instituto de Educaci&oacute;n Superior D -74 Cruz Roja Argentina, la Jornada de Traevisi&oacute;n de los Dise&ntilde;os Curriculares de los profesorados de Educaci&oacute;n Primaria e Inicial dependientes de la Direcci&oacute;n de Educaci&oacute;n Superior y de la Direcci&oacute;n de Educaci&oacute;n Privada. Los ejes trabajados en el&nbsp; encuentro estuvieron &#8230; <a title=\"Revisi\u00f3n de los Dise\u00f1os Curriculares de Educaci\u00f3n Primaria e Inicial\" class=\"read-more\" href=\"https:\/\/des-ers.infd.edu.ar\/sitio\/revision-de-los-disenos-curriculares-de-educacion-primaria-e-inicial\/\" aria-label=\"More on Revisi\u00f3n de los Dise\u00f1os Curriculares de Educaci\u00f3n Primaria e Inicial\">[+]<\/a><\/p>\n","protected":false},"author":2706,"featured_media":0,"parent":0,"menu_order":0,"comment_status":"closed","ping_status":"closed","template":"","meta":[],"acf":[],"_links":{"self":[{"href":"https:\/\/des-ers.infd.edu.ar\/sitio\/wp-json\/wp\/v2\/pages\/3095"}],"collection":[{"href":"https:\/\/des-ers.infd.edu.ar\/sitio\/wp-json\/wp\/v2\/pages"}],"about":[{"href":"https:\/\/des-ers.infd.edu.ar\/sitio\/wp-json\/wp\/v2\/types\/page"}],"author":[{"embeddable":true,"href":"https:\/\/des-ers.infd.edu.ar\/sitio\/wp-json\/wp\/v2\/users\/2706"}],"replies":[{"embeddable":true,"href":"https:\/\/des-ers.infd.edu.ar\/sitio\/wp-json\/wp\/v2\/comments?post=3095"}],"version-history":[{"count":1,"href":"https:\/\/des-ers.infd.edu.ar\/sitio\/wp-json\/wp\/v2\/pages\/3095\/revisions"}],"predecessor-version":[{"id":3317,"href":"https:\/\/des-ers.infd.edu.ar\/sitio\/wp-json\/wp\/v2\/pages\/3095\/revisions\/3317"}],"wp:attachment":[{"href":"https:\/\/des-ers.infd.edu.ar\/sitio\/wp-json\/wp\/v2\/media?parent=3095"}],"curies":[{"name":"wp","href":"https:\/\/api.w.org\/{rel}","templated":true}]}}