{"id":3070,"date":"2018-07-03T13:18:03","date_gmt":"2018-07-03T16:18:03","guid":{"rendered":"https:\/\/des-ers.infd.edu.ar\/sitio\/acompanamiento-a-la-implementacion-de-los-disenos-curriculares-de-las-ocho-carreras\/"},"modified":"2021-09-28T11:27:46","modified_gmt":"2021-09-28T14:27:46","slug":"acompanamiento-a-la-implementacion-de-los-disenos-curriculares-de-las-ocho-carreras","status":"publish","type":"page","link":"https:\/\/des-ers.infd.edu.ar\/sitio\/acompanamiento-a-la-implementacion-de-los-disenos-curriculares-de-las-ocho-carreras\/","title":{"rendered":"Acompa\u00f1amiento a la implementaci\u00f3n de los Dise\u00f1os Curriculares"},"content":{"rendered":"\n<div class=\"wp-block-cover has-background-dim-20 has-background-dim has-background-gradient has-custom-content-position is-position-bottom-center\" style=\"min-height:99px\"><span aria-hidden=\"true\" class=\"wp-block-cover__gradient-background\" style=\"background:linear-gradient(135deg,rgb(6,147,227) 25%,rgb(155,81,224) 98%)\"><\/span><img decoding=\"async\" loading=\"lazy\" width=\"494\" height=\"121\" class=\"wp-block-cover__image-background wp-image-5936\" alt=\"\" src=\"https:\/\/des-ers.infd.edu.ar\/sitio\/wp-content\/uploads\/2021\/08\/dis-curri.png\" data-object-fit=\"cover\"\/><div class=\"wp-block-cover__inner-container\">\n<h1 class=\"has-text-align-center wp-block-heading\" style=\"font-size:26px\">Acompa\u00f1amiento a la implementaci\u00f3n de los Dise\u00f1os Curriculares<\/h1>\n<\/div><\/div>\n\n\n\n<hr class=\"wp-block-separator is-style-wide\"\/>\n\n\n\n<p><strong>A\u00f1o 2021<\/strong><\/p>\n\n\n\n<p>&#8230;<\/p>\n\n\n\n<hr class=\"wp-block-separator is-style-wide\"\/>\n\n\n\n<p><strong>A\u00f1o 2016<\/strong><\/p>\n\n\n\n<p><strong>Acompa\u00f1amiento a la implementaci\u00f3n de los Dise\u00f1os Curriculares de las ocho carreras:<\/strong><\/p>\n\n\n\n<p>Acompa\u00f1amiento a la implementaci\u00f3n de los dise\u00f1os de los Profesorados de Educaci\u00f3n Secundaria en Qu\u00edmica, F\u00edsica, Historia, Lengua y Literatura, Matem\u00e1tica, Geograf\u00eda, Biolog\u00eda y Profesorado de Ingl\u00e9s.<\/p>\n\n\n\n<p><strong><a href=\"https:\/\/des-ers.infd.edu.ar\/sitio\/acompanamiento-a-la-implementacion-de-los-disenos-curriculares-de-las-ocho-carreras\/upload\/localizacion.pdf\" data-type=\"URL\" data-id=\"https:\/\/des-ers.infd.edu.ar\/sitio\/acompanamiento-a-la-implementacion-de-los-disenos-curriculares-de-las-ocho-carreras\/upload\/localizacion.pdf\" target=\"_blank\" rel=\"noreferrer noopener\">Localizaci\u00f3n de los profesorados en la provincia de Entre R\u00edos (PDF)<\/a><\/strong><\/p>\n\n\n\n<p><strong><a rel=\"noreferrer noopener\" href=\"https:\/\/des-ers.infd.edu.ar\/sitio\/acompanamiento-a-la-implementacion-de-los-disenos-curriculares-de-las-ocho-carreras\/upload\/equipo_provincial.pdf\" data-type=\"URL\" data-id=\"https:\/\/des-ers.infd.edu.ar\/sitio\/acompanamiento-a-la-implementacion-de-los-disenos-curriculares-de-las-ocho-carreras\/upload\/equipo_provincial.pdf\" target=\"_blank\">Conformaci\u00f3n del Equipo Provincial de Desarrollo Curricular para el acompa\u00f1amiento (PDF)<\/a><\/strong><\/p>\n","protected":false},"excerpt":{"rendered":"<p>A\u00f1o 2021 &#8230; A\u00f1o 2016 Acompa\u00f1amiento a la implementaci\u00f3n de los Dise\u00f1os Curriculares de las ocho carreras: Acompa\u00f1amiento a la implementaci\u00f3n de los dise\u00f1os de los Profesorados de Educaci\u00f3n Secundaria en Qu\u00edmica, F\u00edsica, Historia, Lengua y Literatura, Matem\u00e1tica, Geograf\u00eda, Biolog\u00eda y Profesorado de Ingl\u00e9s. Localizaci\u00f3n de los profesorados en la provincia de Entre R\u00edos (PDF) &#8230; <a title=\"Acompa\u00f1amiento a la implementaci\u00f3n de los Dise\u00f1os Curriculares\" class=\"read-more\" href=\"https:\/\/des-ers.infd.edu.ar\/sitio\/acompanamiento-a-la-implementacion-de-los-disenos-curriculares-de-las-ocho-carreras\/\" aria-label=\"More on Acompa\u00f1amiento a la implementaci\u00f3n de los Dise\u00f1os Curriculares\">[+]<\/a><\/p>\n","protected":false},"author":15210,"featured_media":0,"parent":0,"menu_order":0,"comment_status":"closed","ping_status":"closed","template":"","meta":[],"acf":[],"_links":{"self":[{"href":"https:\/\/des-ers.infd.edu.ar\/sitio\/wp-json\/wp\/v2\/pages\/3070"}],"collection":[{"href":"https:\/\/des-ers.infd.edu.ar\/sitio\/wp-json\/wp\/v2\/pages"}],"about":[{"href":"https:\/\/des-ers.infd.edu.ar\/sitio\/wp-json\/wp\/v2\/types\/page"}],"author":[{"embeddable":true,"href":"https:\/\/des-ers.infd.edu.ar\/sitio\/wp-json\/wp\/v2\/users\/15210"}],"replies":[{"embeddable":true,"href":"https:\/\/des-ers.infd.edu.ar\/sitio\/wp-json\/wp\/v2\/comments?post=3070"}],"version-history":[{"count":16,"href":"https:\/\/des-ers.infd.edu.ar\/sitio\/wp-json\/wp\/v2\/pages\/3070\/revisions"}],"predecessor-version":[{"id":7040,"href":"https:\/\/des-ers.infd.edu.ar\/sitio\/wp-json\/wp\/v2\/pages\/3070\/revisions\/7040"}],"wp:attachment":[{"href":"https:\/\/des-ers.infd.edu.ar\/sitio\/wp-json\/wp\/v2\/media?parent=3070"}],"curies":[{"name":"wp","href":"https:\/\/api.w.org\/{rel}","templated":true}]}}