{"id":2874,"date":"2018-07-03T13:16:22","date_gmt":"2018-07-03T16:16:22","guid":{"rendered":"https:\/\/des-ers.infd.edu.ar\/sitio\/area-de-investigacion\/"},"modified":"2023-09-13T10:38:03","modified_gmt":"2023-09-13T13:38:03","slug":"area-de-investigacion","status":"publish","type":"page","link":"https:\/\/des-ers.infd.edu.ar\/sitio\/area-de-investigacion\/","title":{"rendered":"\u00c1rea Investigaci\u00f3n"},"content":{"rendered":"\n<div class=\"wp-block-cover is-light\" style=\"min-height:53px\"><span aria-hidden=\"true\" class=\"wp-block-cover__background has-vivid-cyan-blue-background-color has-background-dim-30 has-background-dim\"><\/span><img decoding=\"async\" loading=\"lazy\" width=\"822\" height=\"308\" class=\"wp-block-cover__image-background wp-image-5924\" alt=\"\" src=\"https:\/\/des-ers.infd.edu.ar\/sitio\/wp-content\/uploads\/2021\/08\/foco.jpg\" data-object-fit=\"cover\" srcset=\"https:\/\/des-ers.infd.edu.ar\/sitio\/wp-content\/uploads\/2021\/08\/foco.jpg 822w, https:\/\/des-ers.infd.edu.ar\/sitio\/wp-content\/uploads\/2021\/08\/foco-768x288.jpg 768w\" sizes=\"(max-width: 822px) 100vw, 822px\" \/><div class=\"wp-block-cover__inner-container\">\n<h1 class=\"wp-block-heading\">\u00c1rea Investigaci\u00f3n<\/h1>\n\n\n\n<p class=\"has-text-align-right\"><em>EQUIPO: Mariana Dalinger y Mario Villanueva<\/em><\/p>\n<\/div><\/div>\n\n\n\n<div class=\"wp-block-buttons is-layout-flex\">\n<div class=\"wp-block-button aligncenter has-custom-width wp-block-button__width-25 is-style-fill\"><a class=\"wp-block-button__link wp-element-button\" href=\"https:\/\/des-ers.infd.edu.ar\/sitio\/proyectos-de-investigacion\/\" style=\"border-radius:71px\" target=\"_blank\" rel=\"noreferrer noopener\">Proyectos de investigaci\u00f3n | Direcci\u00f3n de Educaci\u00f3n Superior<\/a><\/div>\n<\/div>\n\n\n\n<p>El \u00c1rea de Investigaci\u00f3n de la Direcci\u00f3n de Educaci\u00f3n Superior del Consejo General de Educaci\u00f3n tiene como objetivo fundamental fortalecer el proceso de institucionalizaci\u00f3n de la funci\u00f3n de investigaci\u00f3n educativa en el nivel de educaci\u00f3n superior. Esta pr\u00e1ctica constituye uno de los pilares fundamentales de las definiciones pol\u00edtico educativas orientadas a la mejora de las propuestas del sistema formador, en coherencia con la concepci\u00f3n del trabajo docente como una labor centrada en la transmisi\u00f3n y producci\u00f3n de conocimientos.<\/p>\n\n\n\n<p>Las l\u00edneas de trabajo que organizan la propuesta del \u00c1rea son:<\/p>\n\n\n\n<ul>\n<li>Promoci\u00f3n y participaci\u00f3n en procesos de producci\u00f3n de conocimiento cient\u00edfico referidos a problem\u00e1ticas del campo de la educaci\u00f3n superior con el fin de fortalecer el trabajo colectivo, las identidades institucionales y los v\u00ednculos interinstitucionales.<\/li>\n\n\n\n<li>Formaci\u00f3n y acompa\u00f1amiento de equipos de docentes y estudiantes investigadores e investigadoras de los institutos formadores de la provincia.<\/li>\n\n\n\n<li>Contribuci\u00f3n con los debates en torno a las principales problem\u00e1ticas y desaf\u00edos vinculados con la articulaci\u00f3n entre investigaci\u00f3n, pol\u00edtica educativa, formaci\u00f3n y pr\u00e1ctica docente en la educaci\u00f3n superior.<\/li>\n\n\n\n<li>Articulaci\u00f3n de la funci\u00f3n de investigaci\u00f3n con las dem\u00e1s funciones del sistema formador: formaci\u00f3n inicial, continua y el apoyo pedag\u00f3gico a escuelas.<\/li>\n<\/ul>\n\n\n\n<p>La visibilizaci\u00f3n de problem\u00e1ticas socioeducativas exige construir objetos de conocimiento cuyo estudio habilite la toma de decisiones pol\u00edtico educativas en pos de la mejora y transformaci\u00f3n de las condiciones y procesos formativos del nivel superior y del sistema educativo en general. Reconocemos la potencialidad pol\u00edtica de la investigaci\u00f3n en tanto es concebida como pr\u00e1ctica social e hist\u00f3ricamente situada, sostenida en la producci\u00f3n colectiva y el trabajo en redes, la legitimaci\u00f3n de los saberes y experiencias que los sujetos producen desde la situacionalidad de sus pr\u00e1cticas en los espacios de formaci\u00f3n implicados.<\/p>\n\n\n\n<div class=\"wp-block-media-text alignwide is-stacked-on-mobile\" style=\"grid-template-columns:27% auto\"><figure class=\"wp-block-media-text__media\"><img decoding=\"async\" loading=\"lazy\" width=\"677\" height=\"337\" src=\"https:\/\/des-ers.infd.edu.ar\/sitio\/wp-content\/uploads\/2023\/04\/Investigacion.png\" alt=\"\" class=\"wp-image-9633 size-full\"\/><\/figure><div class=\"wp-block-media-text__content\">\n<p>Compartimos un libro con res\u00famenes de los <strong>111 Proyectos de Investigaci\u00f3n<\/strong> que se aprobaron en la Convocatoria Nacional 2021 realizada por el Instituto Nacional de Formaci\u00f3n Docente a trav\u00e9s del \u00e1rea de Investigaci\u00f3n.<\/p>\n\n\n\n<div class=\"wp-block-buttons is-content-justification-right is-layout-flex wp-container-2\">\n<div class=\"wp-block-button is-style-outline\"><a class=\"wp-block-button__link wp-element-button\" href=\"https:\/\/des-ers.infd.edu.ar\/sitio\/libro-con-resumenes-de-los-111-proyectos-de-investigacion\/\" target=\"_blank\" rel=\"noreferrer noopener\">Leer m\u00e1s&#8230;<\/a><\/div>\n<\/div>\n<\/div><\/div>\n\n\n\n<div class=\"wp-block-media-text alignwide is-stacked-on-mobile is-vertically-aligned-top\" style=\"grid-template-columns:27% auto\"><figure class=\"wp-block-media-text__media\"><img decoding=\"async\" loading=\"lazy\" width=\"500\" height=\"308\" src=\"https:\/\/des-ers.infd.edu.ar\/sitio\/wp-content\/uploads\/2021\/12\/foco-500x308-1.jpg\" alt=\"\" class=\"wp-image-7728 size-full\"\/><\/figure><div class=\"wp-block-media-text__content\">\n<p style=\"font-size:17px\"><strong>Proyectos seleccionados<\/strong>.<\/p>\n\n\n\n<p>Felicitamos a los equipos e institutos de formaci\u00f3n de nuestra provincia cuyos proyectos de investigaci\u00f3n fueron seleccionados en la Convocatoria Nacional 2021.<\/p>\n\n\n\n<div class=\"wp-block-buttons is-horizontal is-content-justification-right is-layout-flex wp-container-3\">\n<div class=\"wp-block-button is-style-outline\"><a class=\"wp-block-button__link wp-element-button\" href=\"https:\/\/des-ers.infd.edu.ar\/sitio\/proyectos-seleccionados-para-su-financiamiento\/\" target=\"_blank\" rel=\"noreferrer noopener\">Leer m\u00e1s&#8230;<\/a><\/div>\n<\/div>\n<\/div><\/div>\n\n\n\n<div class=\"wp-block-media-text alignwide is-stacked-on-mobile is-vertically-aligned-top\" style=\"grid-template-columns:27% auto\"><figure class=\"wp-block-media-text__media\"><img decoding=\"async\" loading=\"lazy\" width=\"1414\" height=\"1218\" src=\"https:\/\/des-ers.infd.edu.ar\/sitio\/wp-content\/uploads\/2021\/10\/Jornadas-de-investigacion.png\" alt=\"\" class=\"wp-image-7364 size-full\" srcset=\"https:\/\/des-ers.infd.edu.ar\/sitio\/wp-content\/uploads\/2021\/10\/Jornadas-de-investigacion.png 1414w, https:\/\/des-ers.infd.edu.ar\/sitio\/wp-content\/uploads\/2021\/10\/Jornadas-de-investigacion-1000x861.png 1000w, https:\/\/des-ers.infd.edu.ar\/sitio\/wp-content\/uploads\/2021\/10\/Jornadas-de-investigacion-768x662.png 768w\" sizes=\"(max-width: 1414px) 100vw, 1414px\" \/><\/figure><div class=\"wp-block-media-text__content\">\n<p style=\"font-size:17px\">Los d\u00edas 20 y 21 de octubre -2021- se realizaron las<strong>&nbsp;I Jornadas Provinciales de Investigaci\u00f3n Educativa del Nivel Superior Entrerriano<\/strong>, que tuvieron como t\u00edtulo<strong>&nbsp;<em>\u201cInvestigaci\u00f3n educativa y formaci\u00f3n: pol\u00edticas y pr\u00e1cticas de conocimiento en la educaci\u00f3n superior\u201d<\/em><\/strong><em>.<\/em><\/p>\n\n\n\n<div class=\"wp-block-buttons is-horizontal is-content-justification-right is-layout-flex wp-container-4\">\n<div class=\"wp-block-button is-style-outline\"><a class=\"wp-block-button__link wp-element-button\" href=\"https:\/\/des-ers.infd.edu.ar\/sitio\/se-realizaron-las-primeras-jornadas-provinciales-de-investigacion-educativa-del-nivel-superior-entrerriano\/\" target=\"_blank\" rel=\"noreferrer noopener\">Leer m\u00e1s&#8230;<\/a><\/div>\n<\/div>\n<\/div><\/div>\n\n\n\n<hr class=\"wp-block-separator has-css-opacity is-style-wide\"\/>\n\n\n\n<div class=\"wp-block-media-text alignwide is-stacked-on-mobile is-vertically-aligned-top\" style=\"grid-template-columns:26% auto\"><figure class=\"wp-block-media-text__media\"><img decoding=\"async\" loading=\"lazy\" width=\"1343\" height=\"1900\" src=\"https:\/\/des-ers.infd.edu.ar\/sitio\/wp-content\/uploads\/2021\/10\/Folleto-I-Jornadas-Provinciales-de-Investigacion-Educativa-del-Nivel-Sup-Entrerriano-1-1343x1900.png\" alt=\"\" class=\"wp-image-7302 size-full\" srcset=\"https:\/\/des-ers.infd.edu.ar\/sitio\/wp-content\/uploads\/2021\/10\/Folleto-I-Jornadas-Provinciales-de-Investigacion-Educativa-del-Nivel-Sup-Entrerriano-1-1343x1900.png 1343w, https:\/\/des-ers.infd.edu.ar\/sitio\/wp-content\/uploads\/2021\/10\/Folleto-I-Jornadas-Provinciales-de-Investigacion-Educativa-del-Nivel-Sup-Entrerriano-1-707x1000.png 707w, https:\/\/des-ers.infd.edu.ar\/sitio\/wp-content\/uploads\/2021\/10\/Folleto-I-Jornadas-Provinciales-de-Investigacion-Educativa-del-Nivel-Sup-Entrerriano-1-768x1086.png 768w, https:\/\/des-ers.infd.edu.ar\/sitio\/wp-content\/uploads\/2021\/10\/Folleto-I-Jornadas-Provinciales-de-Investigacion-Educativa-del-Nivel-Sup-Entrerriano-1-1086x1536.png 1086w, https:\/\/des-ers.infd.edu.ar\/sitio\/wp-content\/uploads\/2021\/10\/Folleto-I-Jornadas-Provinciales-de-Investigacion-Educativa-del-Nivel-Sup-Entrerriano-1.png 1414w\" sizes=\"(max-width: 1343px) 100vw, 1343px\" \/><\/figure><div class=\"wp-block-media-text__content\">\n<p>Desde el \u00c1rea de Investigaci\u00f3n de la Direcci\u00f3n de Educaci\u00f3n Superior se organizan las<strong>&nbsp;I Jornadas Provinciales de Investigaci\u00f3n Educativa del Nivel Superior Entrerriano:<\/strong><em><strong>&nbsp;\u201cInvestigaci\u00f3n educativa y formaci\u00f3n: pol\u00edticas y pr\u00e1cticas de conocimiento en la educaci\u00f3n superior\u201d<\/strong><\/em>&#8230;<\/p>\n\n\n\n<div class=\"wp-block-buttons is-horizontal is-content-justification-right is-layout-flex wp-container-5\">\n<div class=\"wp-block-button is-style-outline\"><a class=\"wp-block-button__link wp-element-button\" href=\"https:\/\/des-ers.infd.edu.ar\/sitio\/i-jornadas-provinciales-de-investigacion-educativa-del-nivel-superior-entrerriano\/\" target=\"_blank\" rel=\"noreferrer noopener\">Leer m\u00e1s&#8230;<\/a><\/div>\n<\/div>\n<\/div><\/div>\n\n\n\n<hr class=\"wp-block-separator has-css-opacity is-style-wide\"\/>\n\n\n\n<div class=\"wp-block-media-text alignwide is-stacked-on-mobile\" style=\"grid-template-columns:24% auto\"><figure class=\"wp-block-media-text__media\"><img decoding=\"async\" loading=\"lazy\" width=\"800\" height=\"800\" src=\"https:\/\/des-ers.infd.edu.ar\/sitio\/wp-content\/uploads\/2021\/09\/Folleto-I-Jornadas-Provinciales-de-Investigacion.jpeg\" alt=\"\" class=\"wp-image-6979 size-full\" srcset=\"https:\/\/des-ers.infd.edu.ar\/sitio\/wp-content\/uploads\/2021\/09\/Folleto-I-Jornadas-Provinciales-de-Investigacion.jpeg 800w, https:\/\/des-ers.infd.edu.ar\/sitio\/wp-content\/uploads\/2021\/09\/Folleto-I-Jornadas-Provinciales-de-Investigacion-500x500.jpeg 500w, https:\/\/des-ers.infd.edu.ar\/sitio\/wp-content\/uploads\/2021\/09\/Folleto-I-Jornadas-Provinciales-de-Investigacion-768x768.jpeg 768w\" sizes=\"(max-width: 800px) 100vw, 800px\" \/><\/figure><div class=\"wp-block-media-text__content\">\n<p class=\"has-medium-font-size\"><strong>Inscripci\u00f3n para asistentes a las I Jornadas Provinciales de Investigaci\u00f3n Educativa del Nivel Superior Entrerriano<\/strong><\/p>\n\n\n\n<p style=\"font-size:17px\">Los d\u00edas 20 y 21 de octubre de 2021 del corriente a\u00f1o se desarrollar\u00e1n las I Jornadas Provinciales de Investigaci\u00f3n Educativa del Nivel Superior Entrerriano: \u201cInvestigaci\u00f3n educativa y formaci\u00f3n: pol\u00edticas y pr\u00e1cticas de conocimiento en la educaci\u00f3n superior.\u201d<\/p>\n\n\n\n<div class=\"wp-block-buttons is-horizontal is-content-justification-right is-layout-flex wp-container-6\">\n<div class=\"wp-block-button has-custom-width wp-block-button__width-25 is-style-outline\"><a class=\"wp-block-button__link wp-element-button\" href=\"https:\/\/des-ers.infd.edu.ar\/sitio\/inscripcion-para-asistentes-a-las-i-jornadas-provinciales-de-investigacion-educativa-del-nivel-superior-entrerriano\/\" target=\"_blank\" rel=\"noreferrer noopener\">Leer m\u00e1s&#8230;<\/a><\/div>\n<\/div>\n<\/div><\/div>\n\n\n\n<hr class=\"wp-block-separator has-css-opacity is-style-wide\"\/>\n\n\n\n<div class=\"wp-block-media-text alignwide is-stacked-on-mobile is-vertically-aligned-top\" style=\"grid-template-columns:24% auto\"><figure class=\"wp-block-media-text__media\"><img decoding=\"async\" loading=\"lazy\" width=\"1343\" height=\"1900\" src=\"https:\/\/des-ers.infd.edu.ar\/sitio\/wp-content\/uploads\/2021\/09\/CONVOCATORIA-PRESENTACION-PROYECTOS-INVESTIGACION-2021--1343x1900.png\" alt=\"\" class=\"wp-image-6821 size-full\" srcset=\"https:\/\/des-ers.infd.edu.ar\/sitio\/wp-content\/uploads\/2021\/09\/CONVOCATORIA-PRESENTACION-PROYECTOS-INVESTIGACION-2021--1343x1900.png 1343w, https:\/\/des-ers.infd.edu.ar\/sitio\/wp-content\/uploads\/2021\/09\/CONVOCATORIA-PRESENTACION-PROYECTOS-INVESTIGACION-2021--707x1000.png 707w, https:\/\/des-ers.infd.edu.ar\/sitio\/wp-content\/uploads\/2021\/09\/CONVOCATORIA-PRESENTACION-PROYECTOS-INVESTIGACION-2021--768x1086.png 768w, https:\/\/des-ers.infd.edu.ar\/sitio\/wp-content\/uploads\/2021\/09\/CONVOCATORIA-PRESENTACION-PROYECTOS-INVESTIGACION-2021--1086x1536.png 1086w, https:\/\/des-ers.infd.edu.ar\/sitio\/wp-content\/uploads\/2021\/09\/CONVOCATORIA-PRESENTACION-PROYECTOS-INVESTIGACION-2021-.png 1414w\" sizes=\"(max-width: 1343px) 100vw, 1343px\" \/><\/figure><div class=\"wp-block-media-text__content\">\n<p class=\"has-medium-font-size\"><strong>Convocatoria presentaci\u00f3n de Proyectos de Investigaci\u00f3n Educativa 2021<\/strong><\/p>\n\n\n\n<p>Por medio de la <strong><a rel=\"noreferrer noopener\" href=\"https:\/\/des-ers.infd.edu.ar\/sitio\/wp-content\/uploads\/2021\/09\/Disposicion-058-21-DES.-Convocatoria-investigacion-2021.pdf\" target=\"_blank\">Disposici\u00f3n N\u00ba 58\/21<\/a><\/strong> la Direcci\u00f3n de Educaci\u00f3n Superior abre la convocatoria a presentaci\u00f3n de Proyectos de Investigaci\u00f3n Educativa por parte de equipos pertenecientes a los Institutos de Educaci\u00f3n Superior de la provincia.<\/p>\n\n\n\n<div class=\"wp-block-buttons is-horizontal is-content-justification-right is-layout-flex wp-container-7\">\n<div class=\"wp-block-button has-custom-width wp-block-button__width-25 is-style-outline\"><a class=\"wp-block-button__link wp-element-button\" href=\"https:\/\/des-ers.infd.edu.ar\/sitio\/convocatoria-a-presentacion-de-proyectos-de-investigacion\/\" target=\"_blank\" rel=\"noreferrer noopener\">Leer m\u00e1s&#8230;<\/a><\/div>\n<\/div>\n<\/div><\/div>\n\n\n\n<hr class=\"wp-block-separator has-css-opacity is-style-wide\"\/>\n\n\n\n<div class=\"wp-block-media-text alignwide is-stacked-on-mobile\" style=\"grid-template-columns:24% auto\"><figure class=\"wp-block-media-text__media\"><img decoding=\"async\" loading=\"lazy\" width=\"720\" height=\"733\" src=\"https:\/\/des-ers.infd.edu.ar\/sitio\/wp-content\/uploads\/2021\/08\/WhatsApp-Image-2021-08-12-at-11.38.59.jpeg\" alt=\"\" class=\"wp-image-6203 size-full\"\/><\/figure><div class=\"wp-block-media-text__content\">\n<p class=\"has-medium-font-size\"><strong>Convocatoria 2021 INFD &#8211; Presentaci\u00f3n de Proyectos de Investigaci\u00f3n<\/strong><\/p>\n\n\n\n<p>El Instituto Nacional de Formaci\u00f3n Docente a trav\u00e9s de su \u00e1rea de investigaci\u00f3n impulsa el fomento de la funci\u00f3n de investigaci\u00f3n en el nivel Superior y en los Institutos Superiores de Formaci\u00f3n Docente (ISFD), y la producci\u00f3n de conocimiento educativo y pedag\u00f3gico en \u00e1reas de vacancia como una estrategia para el fortalecimiento de las instituciones.<\/p>\n\n\n\n<div class=\"wp-block-buttons is-horizontal is-content-justification-right is-layout-flex wp-container-8\">\n<div class=\"wp-block-button has-custom-width wp-block-button__width-25 is-style-outline\"><a class=\"wp-block-button__link wp-element-button\" href=\"https:\/\/des-ers.infd.edu.ar\/sitio\/proyectos-de-investigacion-de-institutos-superiores-de-formacion-docente\/\" target=\"_blank\" rel=\"noreferrer noopener\">Leer m\u00e1s&#8230;<\/a><\/div>\n<\/div>\n<\/div><\/div>\n\n\n\n<hr class=\"wp-block-separator has-css-opacity is-style-wide\"\/>\n\n\n\n<div class=\"wp-block-media-text alignwide is-stacked-on-mobile is-vertically-aligned-top\" style=\"grid-template-columns:24% auto\"><figure class=\"wp-block-media-text__media\"><a href=\"https:\/\/des-ers.infd.edu.ar\/sitio\/wp-content\/uploads\/2021\/08\/Jorn-Invest-2021-Folleto-1.jpg\" target=\"_blank\" rel=\"noopener\"><img decoding=\"async\" loading=\"lazy\" width=\"990\" height=\"1280\" src=\"https:\/\/des-ers.infd.edu.ar\/sitio\/wp-content\/uploads\/2021\/08\/Jorn-Invest-2021-Folleto-1.jpg\" alt=\"\" class=\"wp-image-6130 size-full\" srcset=\"https:\/\/des-ers.infd.edu.ar\/sitio\/wp-content\/uploads\/2021\/08\/Jorn-Invest-2021-Folleto-1.jpg 990w, https:\/\/des-ers.infd.edu.ar\/sitio\/wp-content\/uploads\/2021\/08\/Jorn-Invest-2021-Folleto-1-773x1000.jpg 773w, https:\/\/des-ers.infd.edu.ar\/sitio\/wp-content\/uploads\/2021\/08\/Jorn-Invest-2021-Folleto-1-768x993.jpg 768w\" sizes=\"(max-width: 990px) 100vw, 990px\" \/><\/a><\/figure><div class=\"wp-block-media-text__content\">\n<p class=\"has-medium-font-size\"><strong>I Jornadas Provinciales de Investigaci\u00f3n Educativa del Nivel Superior Entrerriano<\/strong><\/p>\n\n\n\n<p style=\"font-size:17px\">Se llevar\u00e1 adelante, entre los miembros de la comunidad institucional, las&nbsp;<strong><em>I Jornadas Provinciales de Investigaci\u00f3n Educativa del Nivel Superior Entrerriano: \u201cInvestigaci\u00f3n educativa y formaci\u00f3n: pol\u00edticas y pr\u00e1cticas de conocimiento en la educaci\u00f3n superior\u201d&nbsp;<\/em><\/strong>organizadas por el \u00c1rea de Investigaci\u00f3n Educativa de la DES. Dichas jornadas se realizar\u00e1n los d\u00edas&nbsp;<strong>20 y 21 de octubre de&nbsp;2021<\/strong>&nbsp;de manera virtual sincr\u00f3nica. <\/p>\n\n\n\n<div class=\"wp-block-buttons is-horizontal is-content-justification-right is-layout-flex wp-container-9\">\n<div class=\"wp-block-button has-custom-width wp-block-button__width-25 is-style-outline\"><a class=\"wp-block-button__link wp-element-button\" href=\"https:\/\/des-ers.infd.edu.ar\/sitio\/i-jornadas-provinciales-de-investigacion-educativa-2021-del-nivel-superior-entrerriano\/\" target=\"_blank\" rel=\"noreferrer noopener\">Leer m\u00e1s&#8230;<\/a><\/div>\n<\/div>\n<\/div><\/div>\n\n\n\n<hr class=\"wp-block-separator has-css-opacity is-style-wide\"\/>\n\n\n\n<p><\/p>\n","protected":false},"excerpt":{"rendered":"<p>El \u00c1rea de Investigaci\u00f3n de la Direcci\u00f3n de Educaci\u00f3n Superior del Consejo General de Educaci\u00f3n tiene como objetivo fundamental fortalecer el proceso de institucionalizaci\u00f3n de la funci\u00f3n de investigaci\u00f3n educativa en el nivel de educaci\u00f3n superior. Esta pr\u00e1ctica constituye uno de los pilares fundamentales de las definiciones pol\u00edtico educativas orientadas a la mejora de las &#8230; <a title=\"\u00c1rea Investigaci\u00f3n\" class=\"read-more\" href=\"https:\/\/des-ers.infd.edu.ar\/sitio\/area-de-investigacion\/\" aria-label=\"More on \u00c1rea Investigaci\u00f3n\">[+]<\/a><\/p>\n","protected":false},"author":15210,"featured_media":0,"parent":0,"menu_order":0,"comment_status":"closed","ping_status":"closed","template":"","meta":[],"acf":[],"_links":{"self":[{"href":"https:\/\/des-ers.infd.edu.ar\/sitio\/wp-json\/wp\/v2\/pages\/2874"}],"collection":[{"href":"https:\/\/des-ers.infd.edu.ar\/sitio\/wp-json\/wp\/v2\/pages"}],"about":[{"href":"https:\/\/des-ers.infd.edu.ar\/sitio\/wp-json\/wp\/v2\/types\/page"}],"author":[{"embeddable":true,"href":"https:\/\/des-ers.infd.edu.ar\/sitio\/wp-json\/wp\/v2\/users\/15210"}],"replies":[{"embeddable":true,"href":"https:\/\/des-ers.infd.edu.ar\/sitio\/wp-json\/wp\/v2\/comments?post=2874"}],"version-history":[{"count":44,"href":"https:\/\/des-ers.infd.edu.ar\/sitio\/wp-json\/wp\/v2\/pages\/2874\/revisions"}],"predecessor-version":[{"id":9887,"href":"https:\/\/des-ers.infd.edu.ar\/sitio\/wp-json\/wp\/v2\/pages\/2874\/revisions\/9887"}],"wp:attachment":[{"href":"https:\/\/des-ers.infd.edu.ar\/sitio\/wp-json\/wp\/v2\/media?parent=2874"}],"curies":[{"name":"wp","href":"https:\/\/api.w.org\/{rel}","templated":true}]}}