{"id":2872,"date":"2018-07-03T13:16:21","date_gmt":"2018-07-03T16:16:21","guid":{"rendered":"https:\/\/des-ers.infd.edu.ar\/sitio\/registro-federal-y-validez-de-titulos\/"},"modified":"2021-10-06T18:33:42","modified_gmt":"2021-10-06T21:33:42","slug":"registro-federal-y-validez-de-titulos","status":"publish","type":"page","link":"https:\/\/des-ers.infd.edu.ar\/sitio\/registro-federal-y-validez-de-titulos\/","title":{"rendered":"Registro Federal y Validez de T\u00edtulos"},"content":{"rendered":"\n<div class=\"wp-block-cover has-background-dim-40 has-vivid-cyan-blue-background-color has-background-dim\" style=\"min-height:154px\"><img decoding=\"async\" loading=\"lazy\" width=\"387\" height=\"157\" class=\"wp-block-cover__image-background wp-image-5973\" alt=\"\" src=\"https:\/\/des-ers.infd.edu.ar\/sitio\/wp-content\/uploads\/2021\/08\/RFyVT.jpg\" style=\"object-position:55% 99%\" data-object-fit=\"cover\" data-object-position=\"55% 99%\"\/><div class=\"wp-block-cover__inner-container\">\n<p class=\"has-text-align-left has-large-font-size\">Registro Federal y Validez de T\u00edtulos<\/p>\n\n\n\n<p class=\"has-text-align-right\"><em>Equipo: Alejandra Segovia y C\u00e9sar Luj\u00e1n<\/em><\/p>\n<\/div><\/div>\n\n\n\n<p>El&nbsp;<strong>Registro Federal de Instituciones y Ofertas de Formaci\u00f3n Docente<\/strong>, fue creado en septiembre de 2007 a trav\u00e9s de la Resoluci\u00f3n N\u00b0 16\/07 del Consejo Federal de Educaci\u00f3n. Su principal objetivo es generar una base de datos completa y en permanente actualizaci\u00f3n parte de las diferentes Jurisdicciones, del Sistema Nacional de Formaci\u00f3n Docente de Gesti\u00f3n de Estatal y Privada.&nbsp;El mismo se constituye en un recursos importante que permite la administraci\u00f3n y gesti\u00f3n de informaci\u00f3n para la toma de decisiones concernientes a la Formaci\u00f3n Docente, acerca de la homologaci\u00f3n, validaci\u00f3n y registro nacional de t\u00edtulos y certificaciones. &nbsp;<\/p>\n\n\n\n<p><strong>Objetivos:<\/strong><\/p>\n\n\n\n<ul><li> Reunir, sistematizar y validar la informaci\u00f3n relativa a instituciones con ofertas, t\u00edtulos y certificaciones en Formaci\u00f3n Docente, en un \u00fanico asiento; para as\u00ed administrar eficazmente la toma de decisiones sobre pol\u00edticas de Formaci\u00f3n Docente, reconocer instituciones y estudios, otorgar validez nacional a los t\u00edtulos y certificaciones, y dar publicidad a la oferta completa. <\/li><\/ul>\n\n\n\n<p><strong>Caracter\u00edsticas<\/strong>: <\/p>\n\n\n\n<ul><li>Se renueva anualmente.<\/li><li>Su contenido tiene car\u00e1cter p\u00fablico. <\/li><li>Se gestionar\u00e1 a trav\u00e9s de un \u00fanico Sistema On Line.<\/li><li>Incluye instituciones de gesti\u00f3n estatal como privada.<\/li><li>Incluye carreras de formaci\u00f3n inicial y continua, presenciales y a distancia Informaci\u00f3n disponible acerca de los diferentes planes de estudio con su normativa nacional y provincial y sobre las instituciones junto con la normativa de creaci\u00f3n y reconocimiento, funciones, proyectos y dict\u00e1menes de evaluaci\u00f3n. <\/li><li>Cada Instituto de Formaci\u00f3n Docente del pa\u00eds, cuenta con un Referente encargado de revisar, ratificar, rectificar o ampliar la informaci\u00f3n del Registro Federal de su propio instituto. El mismo debe ser designado por la autoridad de cada instituto mediante el formulario de datos del establecimiento que debe ser completado y presentado en la jurisdicci\u00f3n.<\/li><\/ul>\n\n\n\n<hr class=\"wp-block-separator is-style-wide\"\/>\n\n\n\n<p><strong><a href=\"https:\/\/des-ers.infd.edu.ar\/sitio\/registro-federal-y-validez-de-titulos\/upload\/16-07.pdf\" data-type=\"URL\" data-id=\"https:\/\/des-ers.infd.edu.ar\/sitio\/registro-federal-y-validez-de-titulos\/upload\/16-07.pdf\" target=\"_blank\" rel=\"noreferrer noopener\">RESOLUCI\u00d3N N\u00b0 16\/07 CFE<\/a>:<\/strong>&nbsp;<em>Reglamento de Organizaci\u00f3n y Funcionamiento del Registro Federal de Instituciones y Ofertas de Formaci\u00f3n Docente<\/em><\/p>\n\n\n\n<p><a href=\"https:\/\/des-ers.infd.edu.ar\/sitio\/registro-federal-y-validez-de-titulos\/upload\/16-07-anexo.pdf\" data-type=\"URL\" data-id=\"https:\/\/des-ers.infd.edu.ar\/sitio\/registro-federal-y-validez-de-titulos\/upload\/16-07-anexo.pdf\" target=\"_blank\" rel=\"noreferrer noopener\"><strong>ANEXO DE LA RESOLUCI\u00d3N N\u00b016\/07 CFE<\/strong> <\/a><\/p>\n\n\n\n<p><strong><a href=\"https:\/\/des-ers.infd.edu.ar\/sitio\/registro-federal-y-validez-de-titulos\/upload\/Formulario_Datos_Establecimientos_RF.pdf\" data-type=\"URL\" data-id=\"https:\/\/des-ers.infd.edu.ar\/sitio\/registro-federal-y-validez-de-titulos\/upload\/Formulario_Datos_Establecimientos_RF.pdf\" target=\"_blank\" rel=\"noreferrer noopener\">FORMULARIO DATOS DEL ESTABLECIMIENTO<\/a>:<\/strong> para la denominaci\u00f3n del Referente Institucional a cargo<\/p>\n","protected":false},"excerpt":{"rendered":"<p>El&nbsp;Registro Federal de Instituciones y Ofertas de Formaci\u00f3n Docente, fue creado en septiembre de 2007 a trav\u00e9s de la Resoluci\u00f3n N\u00b0 16\/07 del Consejo Federal de Educaci\u00f3n. Su principal objetivo es generar una base de datos completa y en permanente actualizaci\u00f3n parte de las diferentes Jurisdicciones, del Sistema Nacional de Formaci\u00f3n Docente de Gesti\u00f3n de &#8230; <a title=\"Registro Federal y Validez de T\u00edtulos\" class=\"read-more\" href=\"https:\/\/des-ers.infd.edu.ar\/sitio\/registro-federal-y-validez-de-titulos\/\" aria-label=\"More on Registro Federal y Validez de T\u00edtulos\">[+]<\/a><\/p>\n","protected":false},"author":2706,"featured_media":0,"parent":0,"menu_order":0,"comment_status":"closed","ping_status":"closed","template":"","meta":[],"acf":[],"_links":{"self":[{"href":"https:\/\/des-ers.infd.edu.ar\/sitio\/wp-json\/wp\/v2\/pages\/2872"}],"collection":[{"href":"https:\/\/des-ers.infd.edu.ar\/sitio\/wp-json\/wp\/v2\/pages"}],"about":[{"href":"https:\/\/des-ers.infd.edu.ar\/sitio\/wp-json\/wp\/v2\/types\/page"}],"author":[{"embeddable":true,"href":"https:\/\/des-ers.infd.edu.ar\/sitio\/wp-json\/wp\/v2\/users\/2706"}],"replies":[{"embeddable":true,"href":"https:\/\/des-ers.infd.edu.ar\/sitio\/wp-json\/wp\/v2\/comments?post=2872"}],"version-history":[{"count":4,"href":"https:\/\/des-ers.infd.edu.ar\/sitio\/wp-json\/wp\/v2\/pages\/2872\/revisions"}],"predecessor-version":[{"id":7150,"href":"https:\/\/des-ers.infd.edu.ar\/sitio\/wp-json\/wp\/v2\/pages\/2872\/revisions\/7150"}],"wp:attachment":[{"href":"https:\/\/des-ers.infd.edu.ar\/sitio\/wp-json\/wp\/v2\/media?parent=2872"}],"curies":[{"name":"wp","href":"https:\/\/api.w.org\/{rel}","templated":true}]}}